{"id":8691,"date":"2025-10-30T11:13:26","date_gmt":"2025-10-30T11:13:26","guid":{"rendered":"https:\/\/www.pharmacie-de-la-croisette.fr\/pharmacie\/?post_type=product&#038;p=8691"},"modified":"2025-10-30T15:42:57","modified_gmt":"2025-10-30T15:42:57","slug":"hugefinale","status":"publish","type":"product","link":"https:\/\/www.pharmacie-de-la-croisette.fr\/pharmacie\/supp\/hugefinale\/","title":{"rendered":"HugeFinale"},"content":{"rendered":"<h2 class=\"wp-block-heading\">Qu&rsquo;est-ce que HugeFinale et comment fonctionne-t-il ?<\/h2>\n\n\n<p><b>HugeFinale<\/b> est un <b>compl\u00e9ment alimentaire de<\/b> pointe destin\u00e9 aux hommes souhaitant am\u00e9liorer leur force musculaire et leur endurance. L <b>&lsquo;action du compl\u00e9ment<\/b> repose sur le soutien des processus anaboliques naturels de l&rsquo;organisme. Gr\u00e2ce \u00e0 des ingr\u00e9dients naturels soigneusement s\u00e9lectionn\u00e9s tels que la L-arginine et l&rsquo;extrait de grande camomille, HugeFinale am\u00e9liore la circulation sanguine, ce qui favorise une meilleure oxyg\u00e9nation des muscles.<\/p>\n\n\n<p>Les utilisateurs peuvent s&rsquo;attendre \u00e0 une r\u00e9cup\u00e9ration plus rapide apr\u00e8s des s\u00e9ances d&rsquo;entra\u00eenement intensives et \u00e0 une augmentation plus prononc\u00e9e de la masse musculaire. <b>Les ingr\u00e9dients naturels<\/b> soutiennent non seulement le d\u00e9veloppement musculaire, mais aussi le bien-\u00eatre g\u00e9n\u00e9ral et l&rsquo;\u00e9nergie, ce qui se traduit par de meilleures performances pendant l&rsquo;exercice. Le compl\u00e9ment renforce \u00e9galement la r\u00e9sistance du corps \u00e0 la fatigue et augmente la force physique, ce qui en fait un soutien pr\u00e9cieux pour tout athl\u00e8te.<\/p>\n\n\n<h2 class=\"wp-block-heading\">Quels sont les effets de l&rsquo;utilisation de HugeFinale ?<\/h2>\n\n\n<p><b>Les effets de HugeFinale<\/b> sont clairement visibles apr\u00e8s une courte p\u00e9riode de prise r\u00e9guli\u00e8re. Les utilisateurs rapportent une <em>augmentation<\/em> significative <em>de la masse musculaire<\/em>, ce qui se traduit par de meilleures performances \u00e0 l&rsquo;entra\u00eenement. L <b>&lsquo;augmentation de la force<\/b> est un autre aspect qui ressort de ce suppl\u00e9ment. Non seulement la force physique augmente, mais aussi l&rsquo;endurance globale, ce qui permet de r\u00e9aliser plus facilement des s\u00e9ances d&rsquo;entra\u00eenement plus intenses.<\/p>\n\n\n<p>Le compl\u00e9ment favorise le processus de r\u00e9cup\u00e9ration, ce qui acc\u00e9l\u00e8re le retour \u00e0 l&rsquo;exercice r\u00e9gulier apr\u00e8s des s\u00e9ances intenses. Les utilisateurs soulignent qu&rsquo;ils se sentent moins fatigu\u00e9s, ce qui a un effet positif sur leur motivation \u00e0 faire de l&rsquo;exercice. En outre, ils ressentent une augmentation significative de leur \u00e9nergie et une am\u00e9lioration de leur bien-\u00eatre mental, ce qui les motive davantage \u00e0 pratiquer une activit\u00e9 physique.<\/p>\n\n\n<figure class=\"wp-block-table\"><table class=\"has-fixed-layout\"><tbody><tr><th>Effet<\/th><th>Description<\/th><\/tr><tr><td><em>Augmentation de la masse musculaire<\/em><\/td><td>Des gains visibles de masse musculaire apr\u00e8s seulement quelques semaines d&rsquo;utilisation.<\/td><\/tr><tr><td><em>Am\u00e9liorer la r\u00e9sistance<\/em><\/td><td>Augmentation significative de la force, permettant des entra\u00eenements plus intenses.<\/td><\/tr><tr><td>R\u00e9g\u00e9n\u00e9ration<\/td><td>R\u00e9cup\u00e9ration plus rapide apr\u00e8s un exercice intense.<\/td><\/tr><tr><td>Humidit\u00e9 et \u00e9nergie<\/td><td>Augmentation de l&rsquo;\u00e9nergie pendant l&rsquo;entra\u00eenement et am\u00e9lioration du bien-\u00eatre mental.<\/td><\/tr><\/tbody><\/table><\/figure>\n\n\n<h2 class=\"wp-block-heading\">Comment utiliser HugeFinale ? &#8211; Dosage<\/h2>\n\n\n<p>La dose recommand\u00e9e de HugeFinale est d&rsquo;une capsule par jour. Il est pr\u00e9f\u00e9rable de la prendre environ 30 minutes avant l&rsquo;exercice pr\u00e9vu, avec beaucoup d&rsquo;eau. La <em>prise du compl\u00e9ment<\/em> pendant plusieurs semaines au minimum permet d&rsquo;obtenir des r\u00e9sultats optimaux.<\/p>\n\n\n<p>Il convient de <em>ne pas d\u00e9passer la dose recommand\u00e9e<\/em>, ce qui peut entra\u00eener des effets secondaires inattendus. La r\u00e9gularit\u00e9 de la prise du compl\u00e9ment est essentielle pour obtenir des b\u00e9n\u00e9fices \u00e0 long terme. L&rsquo;adaptation de l&rsquo;utilisation du compl\u00e9ment aux besoins individuels peut inclure la prise d&rsquo;une g\u00e9lule par jour, selon les pr\u00e9f\u00e9rences de l&rsquo;utilisateur.<\/p>\n\n\n<p>Il est recommand\u00e9 aux utilisateurs de combiner les <em>instructions de<\/em> dosage avec un plan d&rsquo;entra\u00eenement appropri\u00e9 et un r\u00e9gime alimentaire \u00e9quilibr\u00e9, ce qui soutiendra de mani\u00e8re significative les effets de HugeFinale.<\/p>\n\n\n<h2 class=\"wp-block-heading\">HugeFinale &#8211; Opinions et critiques, Forum<\/h2>\n\n\n<p>Les <b>avis sur HugeFinale<\/b> sont tr\u00e8s largement positifs, comme on peut le constater sur de nombreux forums de discussion. Les utilisateurs soulignent l&rsquo;efficacit\u00e9 de ce compl\u00e9ment et les effets visibles sur l&rsquo;am\u00e9lioration de leurs performances. Ils soulignent souvent l&rsquo;effet positif sur leur vie sexuelle, qui les rend plus confiants.<\/p>\n\n\n\n<blockquote class=\"wp-block-quote is-layout-flow wp-block-quote-is-layout-flow\"><p>\u00ab\u00a0Apr\u00e8s un mois d&rsquo;utilisation de HugeFinale, j&rsquo;ai constat\u00e9 une am\u00e9lioration significative de ma force et de ma masse musculaire. Je me sens plein d&rsquo;\u00e9nergie avant l&rsquo;entra\u00eenement. &#8211; Michal<\/p>\n<\/blockquote>\n\n\n<p><b>Des avis<\/b> comme celui de Michael montrent que HugeFinale peut soutenir non seulement les aspects physiques, mais aussi les aspects mentaux. Catherine souligne \u00e9galement que son mari utilise le compl\u00e9ment, ce qui a contribu\u00e9 \u00e0 am\u00e9liorer sa motivation et \u00e0 modifier consid\u00e9rablement sa silhouette :<\/p>\n\n\n\n<blockquote class=\"wp-block-quote is-layout-flow wp-block-quote-is-layout-flow\"><p>\u00ab\u00a0Mon mari prend HugeFinale et les effets sont visibles. Il est plus motiv\u00e9 pour s&rsquo;entra\u00eener et obtient de meilleurs r\u00e9sultats.\u00a0\u00bb &#8211; Catherine<\/p>\n<\/blockquote>\n\n\n<p>Arthur, un autre utilisateur, constate une am\u00e9lioration du processus de r\u00e9cup\u00e9ration apr\u00e8s les s\u00e9ances d&rsquo;entra\u00eenement, ce qui est important pour les personnes qui s&rsquo;entra\u00eenent de mani\u00e8re intensive :<\/p>\n\n\n\n<blockquote class=\"wp-block-quote is-layout-flow wp-block-quote-is-layout-flow\"><p>\u00ab\u00a0HugeFinale a consid\u00e9rablement am\u00e9lior\u00e9 ma r\u00e9cup\u00e9ration apr\u00e8s l&rsquo;exercice. Je me sens plus d\u00e9tendu et pr\u00eat \u00e0 relever les prochains d\u00e9fis.\u00a0\u00bb &#8211; Artur<\/p>\n<\/blockquote>\n\n\n<p>Ces <em>avis sur HugeFinale<\/em> t\u00e9moignent de ses nombreux avantages, notamment l&rsquo;am\u00e9lioration de la fonction \u00e9rectile, de la libido et de la satisfaction sexuelle globale. Les sensations am\u00e9lior\u00e9es s&rsquo;appliquent aussi bien aux hommes qu&rsquo;\u00e0 leurs partenaires, ce qui fait de ce compl\u00e9ment une option attrayante pour beaucoup. Trouver des avis cr\u00e9dibles et des discussions sur HugeFinale sur les forums en ligne peut vous aider \u00e0 d\u00e9cider de l&rsquo;acheter ou non.<\/p>\n\n\n<h2 class=\"wp-block-heading\">HugeFinale &#8211; Composition &#8211; Analyse des ingr\u00e9dients<\/h2>\n\n\n<p><b>La composition de HugeFinale<\/b> se distingue par des ingr\u00e9dients naturels soigneusement s\u00e9lectionn\u00e9s qui soutiennent les processus anaboliques et am\u00e9liorent les performances. Le produit contient 18 ingr\u00e9dients de premi\u00e8re qualit\u00e9, dont l&rsquo;extrait de fenugrec, qui agit comme un aphrodisiaque naturel pour soutenir la libido. La L-arginine contenue dans la formulation am\u00e9liore le flux sanguin, ce qui a un effet positif sur les \u00e9rections et prolonge la dur\u00e9e de l&rsquo;acte sexuel.<\/p>\n\n\n<p>Un autre \u00e9l\u00e9ment important est l&rsquo;extrait de ginseng, connu pour sa capacit\u00e9 \u00e0 augmenter l&rsquo;\u00e9nergie et l&rsquo;endurance. La vitamine E am\u00e9liore la qualit\u00e9 des \u00e9rections et a un effet positif sur la libido, ce qui rend cet ingr\u00e9dient extr\u00eamement important pour les hommes souhaitant am\u00e9liorer leur vie sexuelle.<\/p>\n\n\n<p>Tous les ingr\u00e9dients ont fait l&rsquo;objet d&rsquo;une analyse minutieuse en termes d&rsquo;efficacit\u00e9 et de s\u00e9curit\u00e9, ce qui permet aux utilisateurs de profiter pleinement de leur potentiel sans craindre d&rsquo;effets secondaires n\u00e9gatifs. La pr\u00e9sence d&rsquo;extraits de plantes et d&rsquo;aphrodisiaques naturels dans la formulation de HugeFinale rend ce produit appropri\u00e9 pour ceux qui souhaitent am\u00e9liorer leurs performances d&rsquo;entra\u00eenement et leur sant\u00e9 sexuelle en m\u00eame temps.<\/p>\n\n\n<h2 class=\"wp-block-heading\">O\u00f9 acheter et quel est le prix de HugeFinale ?<\/h2>\n\n\n<p>HugeFinale ne passe pas par les r\u00e9seaux de vente grand public. Il s&rsquo;agit d&rsquo;une d\u00e9cision d\u00e9lib\u00e9r\u00e9e du fabricant afin de garantir une qualit\u00e9 optimale et un contact direct avec le client. Vous commandez le produit exclusivement en ligne, ce qui vous permet de b\u00e9n\u00e9ficier de promotions fr\u00e9quentes allant jusqu&rsquo;\u00e0 -50 %. Cependant, la disponibilit\u00e9 de HugeFinale \u00e0 un prix aussi attractif n&rsquo;est pas permanente, donc si une promotion est en cours, cela vaut la peine d&rsquo;en profiter.<\/p>\n\n\n<h2 class=\"wp-block-heading\">HugeFinale &#8211; Effets secondaires et contre-indications &#8211; S\u00e9curit\u00e9 d&#8217;emploi<\/h2>\n\n\n<p>Bas\u00e9 sur des ingr\u00e9dients naturels, HugeFinale est un suppl\u00e9ment tr\u00e8s populaire aupr\u00e8s de ceux qui cherchent \u00e0 augmenter leur masse musculaire et leur force. En termes de s\u00e9curit\u00e9, les <b>effets secondaires de HugeFinale<\/b> sont minimes, ce qui incite de nombreuses personnes \u00e0 l&rsquo;utiliser. La prise r\u00e9guli\u00e8re du produit selon les recommandations du fabricant permet d&rsquo;en tirer un maximum d&rsquo;avantages.<\/p>\n\n\n<p>Cependant, il convient de noter les <b>contre-indications<\/b> possibles. La principale est l&rsquo;allergie individuelle aux ingr\u00e9dients contenus dans HugeFinale. Il est donc recommand\u00e9 de lire la notice en d\u00e9tail et de consulter votre m\u00e9decin avant de commencer la suppl\u00e9mentation, surtout si vous prenez d&rsquo;autres m\u00e9dicaments.<\/p>\n\n\n<p>En r\u00e9sum\u00e9, HugeFinale est un compl\u00e9ment qui pr\u00e9sente un niveau \u00e9lev\u00e9 de s\u00e9curit\u00e9 et n&rsquo;a pas d&rsquo;effets secondaires, \u00e0 condition d&rsquo;\u00eatre utilis\u00e9 conform\u00e9ment aux instructions. Une approche inform\u00e9e de la suppl\u00e9mentation vous permet de profiter pleinement des avantages de son utilisation tout en \u00e9vitant les probl\u00e8mes de sant\u00e9 potentiels.<\/p>\n","protected":false},"excerpt":{"rendered":"<p><strong>[date_countdown]<\/strong><\/p>\n<p><img decoding=\"async\" class=\"alignnone wp-image-8427\" src=\"https:\/\/www.pharmacie-de-la-croisette.fr\/pharmacie\/wp-content\/uploads\/2024\/10\/SAFE-PAY-300x88-1.png\" alt=\"SAFE-PAY-300x88\" width=\"164\" height=\"48\" \/><\/p>\n","protected":false},"featured_media":8690,"comment_status":"open","ping_status":"closed","template":"","meta":{"neve_meta_sidebar":"","neve_meta_container":"","neve_meta_enable_content_width":"","neve_meta_content_width":0,"neve_meta_title_alignment":"","neve_meta_author_avatar":"","neve_post_elements_order":"","neve_meta_disable_header":"","neve_meta_disable_footer":"","neve_meta_disable_title":"","neve_meta_reading_time":""},"product_brand":[],"product_cat":[18],"product_tag":[],"class_list":{"0":"post-8691","1":"product","2":"type-product","3":"status-publish","4":"has-post-thumbnail","6":"product_cat-sante","8":"first","9":"instock","10":"sale","11":"shipping-taxable","12":"product-type-external"},"yoast_head":"<!-- This site is optimized with the Yoast SEO plugin v27.4 - https:\/\/yoast.com\/product\/yoast-seo-wordpress\/ -->\n<title>HugeFinale - Avis, Pharmacie, Forum, Prix, Effets | -50%<\/title>\n<meta name=\"robots\" content=\"index, follow, max-snippet:-1, max-image-preview:large, max-video-preview:-1\" \/>\n<link rel=\"canonical\" href=\"https:\/\/www.pharmacie-de-la-croisette.fr\/pharmacie\/supp\/hugefinale\/\" \/>\n<meta property=\"og:locale\" content=\"fr_FR\" \/>\n<meta property=\"og:type\" content=\"article\" \/>\n<meta property=\"og:title\" content=\"HugeFinale - Avis, Pharmacie, Forum, Prix, Effets | -50%\" \/>\n<meta property=\"og:url\" content=\"https:\/\/www.pharmacie-de-la-croisette.fr\/pharmacie\/supp\/hugefinale\/\" \/>\n<meta property=\"og:site_name\" content=\"Pharmacie de la Croisette\" \/>\n<meta property=\"article:modified_time\" content=\"2025-10-30T15:42:57+00:00\" \/>\n<meta property=\"og:image\" content=\"https:\/\/www.pharmacie-de-la-croisette.fr\/pharmacie\/wp-content\/uploads\/2025\/10\/HugeFinale.jpg\" \/>\n\t<meta property=\"og:image:width\" content=\"768\" \/>\n\t<meta property=\"og:image:height\" content=\"768\" \/>\n\t<meta property=\"og:image:type\" content=\"image\/jpeg\" \/>\n<meta name=\"twitter:card\" content=\"summary_large_image\" \/>\n<meta name=\"twitter:description\" content=\"[date_countdown]\" \/>\n<meta name=\"twitter:label1\" content=\"Dur\u00e9e de lecture estim\u00e9e\" \/>\n\t<meta name=\"twitter:data1\" content=\"1 minute\" \/>\n<script type=\"application\/ld+json\" class=\"yoast-schema-graph\">{\"@context\":\"https:\\\/\\\/schema.org\",\"@graph\":[{\"@type\":\"WebPage\",\"@id\":\"https:\\\/\\\/www.pharmacie-de-la-croisette.fr\\\/pharmacie\\\/supp\\\/hugefinale\\\/\",\"url\":\"https:\\\/\\\/www.pharmacie-de-la-croisette.fr\\\/pharmacie\\\/supp\\\/hugefinale\\\/\",\"name\":\"HugeFinale - Avis, Pharmacie, Forum, Prix, Effets | -50%\",\"isPartOf\":{\"@id\":\"https:\\\/\\\/www.pharmacie-de-la-croisette.fr\\\/pharmacie\\\/#website\"},\"primaryImageOfPage\":{\"@id\":\"https:\\\/\\\/www.pharmacie-de-la-croisette.fr\\\/pharmacie\\\/supp\\\/hugefinale\\\/#primaryimage\"},\"image\":{\"@id\":\"https:\\\/\\\/www.pharmacie-de-la-croisette.fr\\\/pharmacie\\\/supp\\\/hugefinale\\\/#primaryimage\"},\"thumbnailUrl\":\"https:\\\/\\\/www.pharmacie-de-la-croisette.fr\\\/pharmacie\\\/wp-content\\\/uploads\\\/2025\\\/10\\\/HugeFinale.jpg\",\"datePublished\":\"2025-10-30T11:13:26+00:00\",\"dateModified\":\"2025-10-30T15:42:57+00:00\",\"breadcrumb\":{\"@id\":\"https:\\\/\\\/www.pharmacie-de-la-croisette.fr\\\/pharmacie\\\/supp\\\/hugefinale\\\/#breadcrumb\"},\"inLanguage\":\"fr-FR\",\"potentialAction\":[{\"@type\":\"ReadAction\",\"target\":[\"https:\\\/\\\/www.pharmacie-de-la-croisette.fr\\\/pharmacie\\\/supp\\\/hugefinale\\\/\"]}]},{\"@type\":\"ImageObject\",\"inLanguage\":\"fr-FR\",\"@id\":\"https:\\\/\\\/www.pharmacie-de-la-croisette.fr\\\/pharmacie\\\/supp\\\/hugefinale\\\/#primaryimage\",\"url\":\"https:\\\/\\\/www.pharmacie-de-la-croisette.fr\\\/pharmacie\\\/wp-content\\\/uploads\\\/2025\\\/10\\\/HugeFinale.jpg\",\"contentUrl\":\"https:\\\/\\\/www.pharmacie-de-la-croisette.fr\\\/pharmacie\\\/wp-content\\\/uploads\\\/2025\\\/10\\\/HugeFinale.jpg\",\"width\":768,\"height\":768},{\"@type\":\"BreadcrumbList\",\"@id\":\"https:\\\/\\\/www.pharmacie-de-la-croisette.fr\\\/pharmacie\\\/supp\\\/hugefinale\\\/#breadcrumb\",\"itemListElement\":[{\"@type\":\"ListItem\",\"position\":1,\"name\":\"Strona g\u0142\u00f3wna\",\"item\":\"https:\\\/\\\/www.pharmacie-de-la-croisette.fr\\\/pharmacie\\\/\"},{\"@type\":\"ListItem\",\"position\":2,\"name\":\"farmaci\",\"item\":\"https:\\\/\\\/www.pharmacie-de-la-croisette.fr\\\/pharmacie\\\/\"},{\"@type\":\"ListItem\",\"position\":3,\"name\":\"HugeFinale\"}]},{\"@type\":\"WebSite\",\"@id\":\"https:\\\/\\\/www.pharmacie-de-la-croisette.fr\\\/pharmacie\\\/#website\",\"url\":\"https:\\\/\\\/www.pharmacie-de-la-croisette.fr\\\/pharmacie\\\/\",\"name\":\"Pharmacie de la Croisette\",\"description\":\"\",\"potentialAction\":[{\"@type\":\"SearchAction\",\"target\":{\"@type\":\"EntryPoint\",\"urlTemplate\":\"https:\\\/\\\/www.pharmacie-de-la-croisette.fr\\\/pharmacie\\\/?s={search_term_string}\"},\"query-input\":{\"@type\":\"PropertyValueSpecification\",\"valueRequired\":true,\"valueName\":\"search_term_string\"}}],\"inLanguage\":\"fr-FR\"}]}<\/script>\n<!-- \/ Yoast SEO plugin. -->","yoast_head_json":{"title":"HugeFinale - Avis, Pharmacie, Forum, Prix, Effets | -50%","robots":{"index":"index","follow":"follow","max-snippet":"max-snippet:-1","max-image-preview":"max-image-preview:large","max-video-preview":"max-video-preview:-1"},"canonical":"https:\/\/www.pharmacie-de-la-croisette.fr\/pharmacie\/supp\/hugefinale\/","og_locale":"fr_FR","og_type":"article","og_title":"HugeFinale - Avis, Pharmacie, Forum, Prix, Effets | -50%","og_url":"https:\/\/www.pharmacie-de-la-croisette.fr\/pharmacie\/supp\/hugefinale\/","og_site_name":"Pharmacie de la Croisette","article_modified_time":"2025-10-30T15:42:57+00:00","og_image":[{"width":768,"height":768,"url":"https:\/\/www.pharmacie-de-la-croisette.fr\/pharmacie\/wp-content\/uploads\/2025\/10\/HugeFinale.jpg","type":"image\/jpeg"}],"twitter_card":"summary_large_image","twitter_description":"[date_countdown]","twitter_misc":{"Dur\u00e9e de lecture estim\u00e9e":"1 minute"},"schema":{"@context":"https:\/\/schema.org","@graph":[{"@type":"WebPage","@id":"https:\/\/www.pharmacie-de-la-croisette.fr\/pharmacie\/supp\/hugefinale\/","url":"https:\/\/www.pharmacie-de-la-croisette.fr\/pharmacie\/supp\/hugefinale\/","name":"HugeFinale - Avis, Pharmacie, Forum, Prix, Effets | -50%","isPartOf":{"@id":"https:\/\/www.pharmacie-de-la-croisette.fr\/pharmacie\/#website"},"primaryImageOfPage":{"@id":"https:\/\/www.pharmacie-de-la-croisette.fr\/pharmacie\/supp\/hugefinale\/#primaryimage"},"image":{"@id":"https:\/\/www.pharmacie-de-la-croisette.fr\/pharmacie\/supp\/hugefinale\/#primaryimage"},"thumbnailUrl":"https:\/\/www.pharmacie-de-la-croisette.fr\/pharmacie\/wp-content\/uploads\/2025\/10\/HugeFinale.jpg","datePublished":"2025-10-30T11:13:26+00:00","dateModified":"2025-10-30T15:42:57+00:00","breadcrumb":{"@id":"https:\/\/www.pharmacie-de-la-croisette.fr\/pharmacie\/supp\/hugefinale\/#breadcrumb"},"inLanguage":"fr-FR","potentialAction":[{"@type":"ReadAction","target":["https:\/\/www.pharmacie-de-la-croisette.fr\/pharmacie\/supp\/hugefinale\/"]}]},{"@type":"ImageObject","inLanguage":"fr-FR","@id":"https:\/\/www.pharmacie-de-la-croisette.fr\/pharmacie\/supp\/hugefinale\/#primaryimage","url":"https:\/\/www.pharmacie-de-la-croisette.fr\/pharmacie\/wp-content\/uploads\/2025\/10\/HugeFinale.jpg","contentUrl":"https:\/\/www.pharmacie-de-la-croisette.fr\/pharmacie\/wp-content\/uploads\/2025\/10\/HugeFinale.jpg","width":768,"height":768},{"@type":"BreadcrumbList","@id":"https:\/\/www.pharmacie-de-la-croisette.fr\/pharmacie\/supp\/hugefinale\/#breadcrumb","itemListElement":[{"@type":"ListItem","position":1,"name":"Strona g\u0142\u00f3wna","item":"https:\/\/www.pharmacie-de-la-croisette.fr\/pharmacie\/"},{"@type":"ListItem","position":2,"name":"farmaci","item":"https:\/\/www.pharmacie-de-la-croisette.fr\/pharmacie\/"},{"@type":"ListItem","position":3,"name":"HugeFinale"}]},{"@type":"WebSite","@id":"https:\/\/www.pharmacie-de-la-croisette.fr\/pharmacie\/#website","url":"https:\/\/www.pharmacie-de-la-croisette.fr\/pharmacie\/","name":"Pharmacie de la Croisette","description":"","potentialAction":[{"@type":"SearchAction","target":{"@type":"EntryPoint","urlTemplate":"https:\/\/www.pharmacie-de-la-croisette.fr\/pharmacie\/?s={search_term_string}"},"query-input":{"@type":"PropertyValueSpecification","valueRequired":true,"valueName":"search_term_string"}}],"inLanguage":"fr-FR"}]}},"_links":{"self":[{"href":"https:\/\/www.pharmacie-de-la-croisette.fr\/pharmacie\/wp-json\/wp\/v2\/product\/8691","targetHints":{"allow":["GET"]}}],"collection":[{"href":"https:\/\/www.pharmacie-de-la-croisette.fr\/pharmacie\/wp-json\/wp\/v2\/product"}],"about":[{"href":"https:\/\/www.pharmacie-de-la-croisette.fr\/pharmacie\/wp-json\/wp\/v2\/types\/product"}],"replies":[{"embeddable":true,"href":"https:\/\/www.pharmacie-de-la-croisette.fr\/pharmacie\/wp-json\/wp\/v2\/comments?post=8691"}],"wp:featuredmedia":[{"embeddable":true,"href":"https:\/\/www.pharmacie-de-la-croisette.fr\/pharmacie\/wp-json\/wp\/v2\/media\/8690"}],"wp:attachment":[{"href":"https:\/\/www.pharmacie-de-la-croisette.fr\/pharmacie\/wp-json\/wp\/v2\/media?parent=8691"}],"wp:term":[{"taxonomy":"product_brand","embeddable":true,"href":"https:\/\/www.pharmacie-de-la-croisette.fr\/pharmacie\/wp-json\/wp\/v2\/product_brand?post=8691"},{"taxonomy":"product_cat","embeddable":true,"href":"https:\/\/www.pharmacie-de-la-croisette.fr\/pharmacie\/wp-json\/wp\/v2\/product_cat?post=8691"},{"taxonomy":"product_tag","embeddable":true,"href":"https:\/\/www.pharmacie-de-la-croisette.fr\/pharmacie\/wp-json\/wp\/v2\/product_tag?post=8691"}],"curies":[{"name":"wp","href":"https:\/\/api.w.org\/{rel}","templated":true}]}}