{"id":4647,"date":"2024-10-18T19:46:51","date_gmt":"2024-10-18T19:46:51","guid":{"rendered":"https:\/\/chirurgie-orthopedie-vannes.fr\/pharmacie\/?post_type=product&#038;p=4647"},"modified":"2025-10-30T15:42:12","modified_gmt":"2025-10-30T15:42:12","slug":"motion-mat","status":"publish","type":"product","link":"https:\/\/www.pharmacie-de-la-croisette.fr\/pharmacie\/supp\/motion-mat\/","title":{"rendered":"Motion Mat"},"content":{"rendered":"<h2 class=\"wp-block-heading\">Qu&rsquo;est-ce que le tapis roulant et comment fonctionne-t-il ?<\/h2>\n\n\n<p>Le Motion Mat est <em>un tapis de massage innovant<\/em> con\u00e7u pour les personnes souhaitant r\u00e9duire les douleurs et les <b>tensions musculaires<\/b>. Son design unique allie technologie moderne et ergonomie, ce qui le rend confortable \u00e0 utiliser. <strong>Qu&rsquo;est-ce que le Motion Mat<\/strong>? Il s&rsquo;agit d&rsquo;un appareil qui utilise la stimulation des points d&rsquo;acupression du corps pour am\u00e9liorer le bien-\u00eatre g\u00e9n\u00e9ral.<\/p>\n\n\n<p>L&rsquo;utilisation de coussins de massage permet d&rsquo;adapter l&rsquo;intensit\u00e9 de la th\u00e9rapie aux besoins individuels des utilisateurs. <strong>Le fonctionnement du Motion Mat<\/strong> comprend diff\u00e9rents modes de massage, ce qui augmente l&rsquo;efficacit\u00e9 de la th\u00e9rapie administr\u00e9e. Les utilisateurs peuvent utiliser les options qui correspondent le mieux \u00e0 leurs pr\u00e9f\u00e9rences, ce qui fait de chaque traitement une exp\u00e9rience de relaxation unique.<\/p>\n\n\n<h2 class=\"wp-block-heading\">Quels sont les effets du tapis roulant ?<\/h2>\n\n\n<p>L&rsquo;utilisation r\u00e9guli\u00e8re du tapis roulant a un certain nombre d&rsquo;effets positifs. Tout d&rsquo;abord, les <b>effets de l&rsquo;utilisation du Motion Mat<\/b> comprennent une r\u00e9duction significative des douleurs musculaires, ce qui favorise l&rsquo;activit\u00e9 quotidienne. Les utilisateurs remarquent souvent une am\u00e9lioration de la <em>relaxation musculaire<\/em>, ce qui entra\u00eene un confort et une meilleure sensation de bien-\u00eatre.<\/p>\n\n\n<p>De nombreuses personnes soulignent que l&rsquo;utilisation de cet appareil a un effet positif sur la qualit\u00e9 du sommeil, ce qui favorise le fonctionnement quotidien. La modification de la circulation sanguine r\u00e9sultant de l&rsquo;utilisation du Motion Mat a un effet positif sur les processus de r\u00e9g\u00e9n\u00e9ration du corps.<\/p>\n\n\n<p>Les avantages psychologiques de l&rsquo;utilisation du Motion Mat m\u00e9ritent \u00e9galement l&rsquo;attention. La r\u00e9duction du niveau de stress et de la tension g\u00e9n\u00e9rale est un aspect important qui favorise le bien-\u00eatre. Les utilisateurs qui utilisent r\u00e9guli\u00e8rement le tapis remarquent souvent une am\u00e9lioration de leur qualit\u00e9 de vie.<\/p>\n\n\n<p>Les rapports des utilisateurs du tapis Motion Mat indiquent que les <b>effets de l&rsquo;utilisation de<\/b> ce tapis peuvent \u00eatre perceptibles apr\u00e8s quelques s\u00e9ances seulement. Pour beaucoup, il est devenu une solution innovante pour soulager la douleur, ce qui en fait un choix extr\u00eamement int\u00e9ressant pour ceux qui cherchent \u00e0 se soulager.<\/p>\n\n\n<h2 class=\"wp-block-heading\">Comment utiliser Motion Mat ? &#8211; Dosage<\/h2>\n\n\n<p>Pour obtenir des r\u00e9sultats optimaux, il est essentiel de <b>doser<\/b> correctement le tapis. <b>Comment utiliser Motion Mat<\/b>? Tout d&rsquo;abord, il est recommand\u00e9 de l&rsquo;utiliser r\u00e9guli\u00e8rement. Vous obtiendrez les meilleurs r\u00e9sultats en utilisant le tapis au moins 3 \u00e0 4 fois par semaine. Chaque s\u00e9ance doit durer entre 15 et 30 minutes, en fonction de vos pr\u00e9f\u00e9rences et de vos besoins individuels.<\/p>\n\n\n<p>Au d\u00e9but, il est conseill\u00e9 de commencer par une intensit\u00e9 plus faible. Cela permettra au corps de s&rsquo;habituer aux stimuli du massage, ce qui augmentera le confort lors des s\u00e9ances ult\u00e9rieures. L <b>&lsquo;application de la natte<\/b> est simple et ne n\u00e9cessite aucune comp\u00e9tence particuli\u00e8re, ce qui la rend id\u00e9ale pour tout utilisateur.<\/p>\n\n\n<figure class=\"wp-block-table\"><table class=\"has-fixed-layout\"><tbody><tr><th>Utilisation du tapis de souris<\/th><th>Intensit\u00e9<\/th><th>Heure de la session<\/th><\/tr><tr><td>1 \u00e0 2 fois par semaine<\/td><td>Faible<\/td><td>15 minutes<\/td><\/tr><tr><td>3 \u00e0 4 fois par semaine<\/td><td>Moyenne<\/td><td>20 minutes<\/td><\/tr><tr><td>5 fois par semaine ou plus<\/td><td>Haut<\/td><td>30 minutes<\/td><\/tr><\/tbody><\/table><\/figure>\n\n\n<p>L&rsquo;utilisation correcte du tapis Motion Mat permet d&rsquo;optimiser ses propri\u00e9t\u00e9s et d&rsquo;obtenir des avantages notables en termes de r\u00e9duction de la douleur et de la tension musculaire.<\/p>\n\n\n<h2 class=\"wp-block-heading\">Commentaires et r\u00e9actions sur Motion Mat<\/h2>\n\n\n<p><b>Les commentaires sur le Motion Mat<\/b> montrent que de nombreuses personnes remarquent les <b>effets<\/b> positifs <b>de l&rsquo;utilisation de<\/b> ce tapis lors de leurs s\u00e9ances de relaxation quotidiennes. Les utilisateurs soulignent \u00e0 quel point les avantages de son utilisation sont importants pour eux. De nombreux avis d&rsquo;utilisateurs se concentrent sur la r\u00e9duction des douleurs dorsales et des tensions musculaires.<\/p>\n\n\n<p>Les <b>commentaires<\/b> suivants figurent parmi les exp\u00e9riences des utilisateurs : Marta d\u00e9clare : \u00ab\u00a0Je suis enchant\u00e9e par le tapis Motion ! Apr\u00e8s quelques s\u00e9ances, mon mal de dos a presque compl\u00e8tement disparu. J&rsquo;appr\u00e9cie la relaxation quotidienne que m&rsquo;apporte ce tapis. Je le recommande vivement \u00e0 tous ceux qui luttent contre la douleur ! Ce type d&rsquo;<b>avis<\/b> positifs s&rsquo;ajoute \u00e0 la satisfaction de nombreux clients.<\/p>\n\n\n<p>Adam constate les changements dans son corps : \u00a0\u00bb Le tapis Motion a chang\u00e9 mon approche de la r\u00e9cup\u00e9ration. L&rsquo;utiliser r\u00e9guli\u00e8rement m&rsquo;a aid\u00e9 \u00e0 r\u00e9cup\u00e9rer de mes s\u00e9ances d&rsquo;entra\u00eenement. J&rsquo;ai remarqu\u00e9 une am\u00e9lioration significative de la souplesse de mes muscles\u00a0\u00bb. De tels <b>retours d&rsquo;exp\u00e9rience<\/b> confirment l&rsquo;efficacit\u00e9 du <b>Motion Mat<\/b> pour am\u00e9liorer la condition physique.<\/p>\n\n\n<p>Kasia, qui \u00e9tait initialement sceptique \u00e0 l&rsquo;\u00e9gard du produit, constate une am\u00e9lioration significative de son bien-\u00eatre : \u00ab\u00a0J&rsquo;\u00e9tais sceptique au d\u00e9but, mais les r\u00e9sultats parlent d&rsquo;eux-m\u00eames. Je me sens vraiment plus d\u00e9tendue apr\u00e8s chaque s\u00e9ance. Le tapis est mon nouveau compagnon apr\u00e8s une longue journ\u00e9e de travail\u00a0\u00bb. <b>Les commentaires des utilisateurs<\/b> r\u00e9v\u00e8lent donc que le Motion Mat est en train de gagner sa place dans la routine quotidienne de nombreuses personnes.<\/p>\n\n\n<h2 class=\"wp-block-heading\">Composition du Motion Mat &#8211; Analyse des ingr\u00e9dients<\/h2>\n\n\n<p>Le tapis Motion Mat est fabriqu\u00e9 \u00e0 partir de <em>mat\u00e9riaux de<\/em> haute qualit\u00e9 qui garantissent le confort et la <b>s\u00e9curit\u00e9<\/b> pendant l&rsquo;utilisation. La composition du <em>tapis Motion Mat<\/em> comprend des \u00e9l\u00e9ments de massage flexibles, ce qui permet une adaptation optimale au corps. Cette flexibilit\u00e9 est cruciale pour l&rsquo;efficacit\u00e9 du tapis, car elle permet de d\u00e9tendre efficacement les muscles tendus.<\/p>\n\n\n<p>Dans l&rsquo;<em>analyse des ingr\u00e9dients<\/em>, il convient de noter les propri\u00e9t\u00e9s antid\u00e9rapantes, qui sont extr\u00eamement importantes pour la s\u00e9curit\u00e9. Gr\u00e2ce \u00e0 ce mat\u00e9riau, le tapis peut \u00eatre utilis\u00e9 sur diverses surfaces sans craindre de glisser. Gr\u00e2ce \u00e0 l&rsquo;utilisation de technologies de production modernes, la <em>composition du tapis Motion Mat<\/em> r\u00e9pond aux normes de qualit\u00e9 les plus \u00e9lev\u00e9es, ce qui se traduit par la satisfaction des utilisateurs.<\/p>\n\n\n<h2 class=\"wp-block-heading\">O\u00f9 acheter et combien co\u00fbte le Motion Mat &#8211; prix<\/h2>\n\n\n<p>Le Motion Mat ne peut \u00eatre achet\u00e9 que sur le site officiel du fabricant, ce qui vous assure de recevoir un produit original. Ce n&rsquo;est qu&rsquo;ainsi que les clients b\u00e9n\u00e9ficient d&rsquo;une garantie de qualit\u00e9 et d&rsquo;un service apr\u00e8s-vente complet.<\/p>\n\n\n<p><b>Le prix du tapis Motion Mat<\/b> varie en fonction des promotions et des offres en cours, alors n&rsquo;oubliez pas de visiter r\u00e9guli\u00e8rement le site Web pour vous tenir au courant des meilleures affaires. Cela vaut vraiment la peine d&rsquo;investir dans ce produit et de rendre votre vie plus confortable.<\/p>\n\n\n<p>Suivre le site officiel du fabricant est le meilleur moyen de conna\u00eetre les offres et les promotions disponibles, et de savoir <b>o\u00f9 acheter Motion Mat au<\/b> meilleur prix.<\/p>\n\n\n<h2 class=\"wp-block-heading\">Tapis de sol &#8211; Effets secondaires et contre-indications &#8211; Est-il s\u00fbr ?<\/h2>\n\n\n<p>Motion Mat a la r\u00e9putation d&rsquo;\u00eatre s\u00fbr, mais il convient tout de m\u00eame d&rsquo;\u00eatre prudent. Les personnes souffrant de graves troubles de la colonne vert\u00e9brale, de courbures ou d&rsquo;autres affections devraient envisager de consulter un m\u00e9decin avant d&rsquo;utiliser le produit. La <b>s\u00e9curit\u00e9 d&rsquo;<\/b> utilisation du tapis d\u00e9pend de l&rsquo;\u00e9tat de sant\u00e9 de chacun, il vaut donc la peine d&rsquo;\u00eatre bien inform\u00e9.<\/p>\n\n\n<p>Comme tout produit, le Motion Mat peut provoquer des <b>effets secondaires<\/b>, qui sont g\u00e9n\u00e9ralement temporaires. Les utilisateurs qui ne sont pas habitu\u00e9s aux stimuli de massage peuvent ressentir un inconfort temporaire, ce qui ne devrait pas \u00eatre une source d&rsquo;inqui\u00e9tude, mais il vaut la peine d&rsquo;\u00eatre conscient de la possibilit\u00e9 de telles r\u00e9actions.<\/p>\n\n\n<p>En raison des contre-indications potentielles de Motion Mat, il est essentiel que toute introduction d&rsquo;un nouvel \u00e9l\u00e9ment dans votre routine de bien-\u00eatre soit pr\u00e9c\u00e9d\u00e9e d&rsquo;un bilan de sant\u00e9 appropri\u00e9. Travailler avec votre m\u00e9decin vous aidera \u00e0 minimiser les risques et \u00e0 garantir la <b>s\u00e9curit\u00e9<\/b>, ce qui est primordial lors de l&rsquo;utilisation de produits de ce type.<\/p>\n","protected":false},"excerpt":{"rendered":"<p><strong>[date_countdown]<\/strong><\/p>\n<p><img decoding=\"async\" class=\"alignnone wp-image-8427\" src=\"https:\/\/www.pharmacie-de-la-croisette.fr\/pharmacie\/wp-content\/uploads\/2024\/10\/SAFE-PAY-300x88-1.png\" alt=\"SAFE-PAY-300x88\" width=\"164\" height=\"48\" \/><\/p>\n","protected":false},"featured_media":4229,"comment_status":"open","ping_status":"closed","template":"","meta":{"neve_meta_sidebar":"","neve_meta_container":"","neve_meta_enable_content_width":"","neve_meta_content_width":0,"neve_meta_title_alignment":"","neve_meta_author_avatar":"","neve_post_elements_order":"","neve_meta_disable_header":"","neve_meta_disable_footer":"","neve_meta_disable_title":"","neve_meta_reading_time":""},"product_brand":[],"product_cat":[18],"product_tag":[],"class_list":{"0":"post-4647","1":"product","2":"type-product","3":"status-publish","4":"has-post-thumbnail","6":"product_cat-sante","8":"first","9":"instock","10":"sale","11":"shipping-taxable","12":"product-type-external"},"yoast_head":"<!-- This site is optimized with the Yoast SEO plugin v27.4 - https:\/\/yoast.com\/product\/yoast-seo-wordpress\/ -->\n<title>Motion Mat - Avis, Pharmacie, Forum, Prix, Effets | -50%<\/title>\n<meta name=\"robots\" content=\"index, follow, max-snippet:-1, max-image-preview:large, max-video-preview:-1\" \/>\n<link rel=\"canonical\" href=\"https:\/\/www.pharmacie-de-la-croisette.fr\/pharmacie\/supp\/motion-mat\/\" \/>\n<meta property=\"og:locale\" content=\"fr_FR\" \/>\n<meta property=\"og:type\" content=\"article\" \/>\n<meta property=\"og:title\" content=\"Motion Mat - Avis, Pharmacie, Forum, Prix, Effets | -50%\" \/>\n<meta property=\"og:url\" content=\"https:\/\/www.pharmacie-de-la-croisette.fr\/pharmacie\/supp\/motion-mat\/\" \/>\n<meta property=\"og:site_name\" content=\"Pharmacie de la Croisette\" \/>\n<meta property=\"article:modified_time\" content=\"2025-10-30T15:42:12+00:00\" \/>\n<meta property=\"og:image\" content=\"https:\/\/www.pharmacie-de-la-croisette.fr\/pharmacie\/wp-content\/uploads\/2024\/10\/Motion-Mat.jpg\" \/>\n\t<meta property=\"og:image:width\" content=\"768\" \/>\n\t<meta property=\"og:image:height\" content=\"768\" \/>\n\t<meta property=\"og:image:type\" content=\"image\/jpeg\" \/>\n<meta name=\"twitter:card\" content=\"summary_large_image\" \/>\n<meta name=\"twitter:description\" content=\"[date_countdown]\" \/>\n<meta name=\"twitter:label1\" content=\"Dur\u00e9e de lecture estim\u00e9e\" \/>\n\t<meta name=\"twitter:data1\" content=\"1 minute\" \/>\n<script type=\"application\/ld+json\" class=\"yoast-schema-graph\">{\"@context\":\"https:\\\/\\\/schema.org\",\"@graph\":[{\"@type\":\"WebPage\",\"@id\":\"https:\\\/\\\/www.pharmacie-de-la-croisette.fr\\\/pharmacie\\\/supp\\\/motion-mat\\\/\",\"url\":\"https:\\\/\\\/www.pharmacie-de-la-croisette.fr\\\/pharmacie\\\/supp\\\/motion-mat\\\/\",\"name\":\"Motion Mat - Avis, Pharmacie, Forum, Prix, Effets | -50%\",\"isPartOf\":{\"@id\":\"https:\\\/\\\/www.pharmacie-de-la-croisette.fr\\\/pharmacie\\\/#website\"},\"primaryImageOfPage\":{\"@id\":\"https:\\\/\\\/www.pharmacie-de-la-croisette.fr\\\/pharmacie\\\/supp\\\/motion-mat\\\/#primaryimage\"},\"image\":{\"@id\":\"https:\\\/\\\/www.pharmacie-de-la-croisette.fr\\\/pharmacie\\\/supp\\\/motion-mat\\\/#primaryimage\"},\"thumbnailUrl\":\"https:\\\/\\\/www.pharmacie-de-la-croisette.fr\\\/pharmacie\\\/wp-content\\\/uploads\\\/2024\\\/10\\\/Motion-Mat.jpg\",\"datePublished\":\"2024-10-18T19:46:51+00:00\",\"dateModified\":\"2025-10-30T15:42:12+00:00\",\"breadcrumb\":{\"@id\":\"https:\\\/\\\/www.pharmacie-de-la-croisette.fr\\\/pharmacie\\\/supp\\\/motion-mat\\\/#breadcrumb\"},\"inLanguage\":\"fr-FR\",\"potentialAction\":[{\"@type\":\"ReadAction\",\"target\":[\"https:\\\/\\\/www.pharmacie-de-la-croisette.fr\\\/pharmacie\\\/supp\\\/motion-mat\\\/\"]}]},{\"@type\":\"ImageObject\",\"inLanguage\":\"fr-FR\",\"@id\":\"https:\\\/\\\/www.pharmacie-de-la-croisette.fr\\\/pharmacie\\\/supp\\\/motion-mat\\\/#primaryimage\",\"url\":\"https:\\\/\\\/www.pharmacie-de-la-croisette.fr\\\/pharmacie\\\/wp-content\\\/uploads\\\/2024\\\/10\\\/Motion-Mat.jpg\",\"contentUrl\":\"https:\\\/\\\/www.pharmacie-de-la-croisette.fr\\\/pharmacie\\\/wp-content\\\/uploads\\\/2024\\\/10\\\/Motion-Mat.jpg\",\"width\":768,\"height\":768},{\"@type\":\"BreadcrumbList\",\"@id\":\"https:\\\/\\\/www.pharmacie-de-la-croisette.fr\\\/pharmacie\\\/supp\\\/motion-mat\\\/#breadcrumb\",\"itemListElement\":[{\"@type\":\"ListItem\",\"position\":1,\"name\":\"Strona g\u0142\u00f3wna\",\"item\":\"https:\\\/\\\/www.pharmacie-de-la-croisette.fr\\\/pharmacie\\\/\"},{\"@type\":\"ListItem\",\"position\":2,\"name\":\"farmaci\",\"item\":\"https:\\\/\\\/www.pharmacie-de-la-croisette.fr\\\/pharmacie\\\/\"},{\"@type\":\"ListItem\",\"position\":3,\"name\":\"Motion Mat\"}]},{\"@type\":\"WebSite\",\"@id\":\"https:\\\/\\\/www.pharmacie-de-la-croisette.fr\\\/pharmacie\\\/#website\",\"url\":\"https:\\\/\\\/www.pharmacie-de-la-croisette.fr\\\/pharmacie\\\/\",\"name\":\"Pharmacie de la Croisette\",\"description\":\"\",\"potentialAction\":[{\"@type\":\"SearchAction\",\"target\":{\"@type\":\"EntryPoint\",\"urlTemplate\":\"https:\\\/\\\/www.pharmacie-de-la-croisette.fr\\\/pharmacie\\\/?s={search_term_string}\"},\"query-input\":{\"@type\":\"PropertyValueSpecification\",\"valueRequired\":true,\"valueName\":\"search_term_string\"}}],\"inLanguage\":\"fr-FR\"}]}<\/script>\n<!-- \/ Yoast SEO plugin. -->","yoast_head_json":{"title":"Motion Mat - Avis, Pharmacie, Forum, Prix, Effets | -50%","robots":{"index":"index","follow":"follow","max-snippet":"max-snippet:-1","max-image-preview":"max-image-preview:large","max-video-preview":"max-video-preview:-1"},"canonical":"https:\/\/www.pharmacie-de-la-croisette.fr\/pharmacie\/supp\/motion-mat\/","og_locale":"fr_FR","og_type":"article","og_title":"Motion Mat - Avis, Pharmacie, Forum, Prix, Effets | -50%","og_url":"https:\/\/www.pharmacie-de-la-croisette.fr\/pharmacie\/supp\/motion-mat\/","og_site_name":"Pharmacie de la Croisette","article_modified_time":"2025-10-30T15:42:12+00:00","og_image":[{"width":768,"height":768,"url":"https:\/\/www.pharmacie-de-la-croisette.fr\/pharmacie\/wp-content\/uploads\/2024\/10\/Motion-Mat.jpg","type":"image\/jpeg"}],"twitter_card":"summary_large_image","twitter_description":"[date_countdown]","twitter_misc":{"Dur\u00e9e de lecture estim\u00e9e":"1 minute"},"schema":{"@context":"https:\/\/schema.org","@graph":[{"@type":"WebPage","@id":"https:\/\/www.pharmacie-de-la-croisette.fr\/pharmacie\/supp\/motion-mat\/","url":"https:\/\/www.pharmacie-de-la-croisette.fr\/pharmacie\/supp\/motion-mat\/","name":"Motion Mat - Avis, Pharmacie, Forum, Prix, Effets | -50%","isPartOf":{"@id":"https:\/\/www.pharmacie-de-la-croisette.fr\/pharmacie\/#website"},"primaryImageOfPage":{"@id":"https:\/\/www.pharmacie-de-la-croisette.fr\/pharmacie\/supp\/motion-mat\/#primaryimage"},"image":{"@id":"https:\/\/www.pharmacie-de-la-croisette.fr\/pharmacie\/supp\/motion-mat\/#primaryimage"},"thumbnailUrl":"https:\/\/www.pharmacie-de-la-croisette.fr\/pharmacie\/wp-content\/uploads\/2024\/10\/Motion-Mat.jpg","datePublished":"2024-10-18T19:46:51+00:00","dateModified":"2025-10-30T15:42:12+00:00","breadcrumb":{"@id":"https:\/\/www.pharmacie-de-la-croisette.fr\/pharmacie\/supp\/motion-mat\/#breadcrumb"},"inLanguage":"fr-FR","potentialAction":[{"@type":"ReadAction","target":["https:\/\/www.pharmacie-de-la-croisette.fr\/pharmacie\/supp\/motion-mat\/"]}]},{"@type":"ImageObject","inLanguage":"fr-FR","@id":"https:\/\/www.pharmacie-de-la-croisette.fr\/pharmacie\/supp\/motion-mat\/#primaryimage","url":"https:\/\/www.pharmacie-de-la-croisette.fr\/pharmacie\/wp-content\/uploads\/2024\/10\/Motion-Mat.jpg","contentUrl":"https:\/\/www.pharmacie-de-la-croisette.fr\/pharmacie\/wp-content\/uploads\/2024\/10\/Motion-Mat.jpg","width":768,"height":768},{"@type":"BreadcrumbList","@id":"https:\/\/www.pharmacie-de-la-croisette.fr\/pharmacie\/supp\/motion-mat\/#breadcrumb","itemListElement":[{"@type":"ListItem","position":1,"name":"Strona g\u0142\u00f3wna","item":"https:\/\/www.pharmacie-de-la-croisette.fr\/pharmacie\/"},{"@type":"ListItem","position":2,"name":"farmaci","item":"https:\/\/www.pharmacie-de-la-croisette.fr\/pharmacie\/"},{"@type":"ListItem","position":3,"name":"Motion Mat"}]},{"@type":"WebSite","@id":"https:\/\/www.pharmacie-de-la-croisette.fr\/pharmacie\/#website","url":"https:\/\/www.pharmacie-de-la-croisette.fr\/pharmacie\/","name":"Pharmacie de la Croisette","description":"","potentialAction":[{"@type":"SearchAction","target":{"@type":"EntryPoint","urlTemplate":"https:\/\/www.pharmacie-de-la-croisette.fr\/pharmacie\/?s={search_term_string}"},"query-input":{"@type":"PropertyValueSpecification","valueRequired":true,"valueName":"search_term_string"}}],"inLanguage":"fr-FR"}]}},"_links":{"self":[{"href":"https:\/\/www.pharmacie-de-la-croisette.fr\/pharmacie\/wp-json\/wp\/v2\/product\/4647","targetHints":{"allow":["GET"]}}],"collection":[{"href":"https:\/\/www.pharmacie-de-la-croisette.fr\/pharmacie\/wp-json\/wp\/v2\/product"}],"about":[{"href":"https:\/\/www.pharmacie-de-la-croisette.fr\/pharmacie\/wp-json\/wp\/v2\/types\/product"}],"replies":[{"embeddable":true,"href":"https:\/\/www.pharmacie-de-la-croisette.fr\/pharmacie\/wp-json\/wp\/v2\/comments?post=4647"}],"wp:featuredmedia":[{"embeddable":true,"href":"https:\/\/www.pharmacie-de-la-croisette.fr\/pharmacie\/wp-json\/wp\/v2\/media\/4229"}],"wp:attachment":[{"href":"https:\/\/www.pharmacie-de-la-croisette.fr\/pharmacie\/wp-json\/wp\/v2\/media?parent=4647"}],"wp:term":[{"taxonomy":"product_brand","embeddable":true,"href":"https:\/\/www.pharmacie-de-la-croisette.fr\/pharmacie\/wp-json\/wp\/v2\/product_brand?post=4647"},{"taxonomy":"product_cat","embeddable":true,"href":"https:\/\/www.pharmacie-de-la-croisette.fr\/pharmacie\/wp-json\/wp\/v2\/product_cat?post=4647"},{"taxonomy":"product_tag","embeddable":true,"href":"https:\/\/www.pharmacie-de-la-croisette.fr\/pharmacie\/wp-json\/wp\/v2\/product_tag?post=4647"}],"curies":[{"name":"wp","href":"https:\/\/api.w.org\/{rel}","templated":true}]}}