{"id":4547,"date":"2024-10-18T19:46:26","date_gmt":"2024-10-18T19:46:26","guid":{"rendered":"https:\/\/chirurgie-orthopedie-vannes.fr\/pharmacie\/?post_type=product&#038;p=4547"},"modified":"2025-10-30T15:54:29","modified_gmt":"2025-10-30T15:54:29","slug":"femin-plus","status":"publish","type":"product","link":"https:\/\/www.pharmacie-de-la-croisette.fr\/pharmacie\/supp\/femin-plus\/","title":{"rendered":"Femin Plus"},"content":{"rendered":"<h2 class=\"wp-block-heading\">Qu&rsquo;est-ce que Femin Plus et comment fonctionne-t-il ?<\/h2>\n\n\n<p><b>Femin Plus<\/b> est un <strong>compl\u00e9ment alimentaire<\/strong> con\u00e7u pour les femmes qui ont des probl\u00e8mes de <b>libido<\/b>. Ce produit r\u00e9pond \u00e0 l&rsquo;int\u00e9r\u00eat croissant des femmes d\u00e9sireuses d&rsquo;am\u00e9liorer leur <strong>sant\u00e9 sexuelle<\/strong>. L <b>&lsquo;action de<\/b> Femin Plus repose sur des ingr\u00e9dients uniques tels que la maca, le fenugrec et la L-arginine, qui soutiennent le bon fonctionnement de l&rsquo;organisme et augmentent la sensibilit\u00e9 des organes g\u00e9nitaux.<\/p>\n\n\n<p>Le compl\u00e9ment am\u00e9liore la circulation sanguine dans les r\u00e9gions intimes, ce qui se traduit par de meilleures sensations pendant les rapports sexuels. Les statistiques montrent que de nombreuses femmes souffrent d&rsquo;une baisse de <b>libido<\/b> due \u00e0 diff\u00e9rents facteurs, tels que le stress, les changements hormonaux ou le vieillissement. Femin Plus a un effet relaxant et peut aider \u00e0 r\u00e9duire les sympt\u00f4mes de tension pr\u00e9menstruelle, ce qui est important pour le bien-\u00eatre mental et physique des femmes.<\/p>\n\n\n<p>L&rsquo;<b>utilisation<\/b> r\u00e9guli\u00e8re <b>de<\/b> ce suppl\u00e9ment peut am\u00e9liorer non seulement la libido, mais aussi l&rsquo;humeur et les niveaux d&rsquo;\u00e9nergie, qui sont cruciaux pour des relations intimes satisfaisantes. Il convient de noter que la prise de Femin Plus peut \u00eatre b\u00e9n\u00e9fique pour les femmes de tous \u00e2ges, y compris apr\u00e8s la grossesse et pendant la m\u00e9nopause.<\/p>\n\n\n<h2 class=\"wp-block-heading\">Quels sont les effets de Femin Plus ?<\/h2>\n\n\n<p><b>L&rsquo;utilisation de<\/b> Femin Plus a un certain nombre d&rsquo;effets b\u00e9n\u00e9fiques sur la sant\u00e9 intime. Apr\u00e8s seulement une semaine d&rsquo;utilisation, de nombreuses femmes rapportent <em>une augmentation de leur libido<\/em>, ce qui a un impact significatif sur la qualit\u00e9 de la vie sexuelle. Les <b>effets<\/b> cl\u00e9s <b>de Femin Plus<\/b> comprennent \u00e9galement une <b>meilleure satisfaction<\/b> pendant les moments intimes, ce qui contribue certainement \u00e0 un engagement plus profond dans la relation avec le partenaire.<\/p>\n\n\n<p>Au cours des deux premiers mois de traitement r\u00e9gulier, la plupart des femmes remarquent une augmentation de leur bien-\u00eatre g\u00e9n\u00e9ral et de leur \u00e9nergie. La poursuite du traitement entra\u00eene des changements b\u00e9n\u00e9fiques dans la sant\u00e9 intime, tels que des orgasmes de meilleure qualit\u00e9 et une r\u00e9gulation hormonale. Le fait de pouvoir exprimer librement ses d\u00e9sirs sexuels contribue \u00e0 am\u00e9liorer les liens affectifs au sein de la relation.<\/p>\n\n\n<p>L&rsquo;<b>utilisation<\/b> r\u00e9guli\u00e8re de Femin Plus donne des r\u00e9sultats visibles. Les utilisatrices de ce compl\u00e9ment \u00e0 base d&rsquo;herbes chinoises soulignent souvent que les effets sont visibles apr\u00e8s seulement 30 jours, ce qui se traduit par un plus grand d\u00e9sir d&rsquo;activit\u00e9 sexuelle et une meilleure sensation pendant les menstruations. L <b>&lsquo;am\u00e9lioration de la satisfaction<\/b> et de l&rsquo;intensit\u00e9 des sensations sont des aspects qui contribuent certainement \u00e0 la satisfaction globale de la vie intime.<\/p>\n\n\n<p>Femin Plus, avec sa formule unique riche en principes actifs, soutient la <b>sant\u00e9 intime de<\/b> mani\u00e8re globale. Les <b>femmes<\/b> qui utilisent cette formule constatent non seulement des b\u00e9n\u00e9fices physiques, mais aussi une am\u00e9lioration de la qualit\u00e9 de vie au quotidien, ce qui en fait l&rsquo;une des solutions les plus efficaces du march\u00e9 pour les femmes souhaitant augmenter leur libido et am\u00e9liorer leur satisfaction dans la sph\u00e8re intime.<\/p>\n\n\n<h2 class=\"wp-block-heading\">Comment utiliser Femin Plus ? &#8211; Dosage et recommandations<\/h2>\n\n\n<p>Pour obtenir les meilleurs r\u00e9sultats avec le suppl\u00e9ment Femin Plus, il est important de suivre le r\u00e9gime d&rsquo;utilisation recommand\u00e9. Il est recommand\u00e9 de prendre 1 \u00e0 2 g\u00e9lules par jour, de pr\u00e9f\u00e9rence avec un repas et beaucoup d&rsquo;eau. La r\u00e9gularit\u00e9 de la prise de Femin Plus aidera les ingr\u00e9dients actifs \u00e0 agir efficacement. La dur\u00e9e d&rsquo;utilisation recommand\u00e9e est d&rsquo;au moins 3 mois, ce qui permet d&rsquo;obtenir des effets visibles.<\/p>\n\n\n<p>Ce compl\u00e9ment est con\u00e7u pour les femmes qui souhaitent am\u00e9liorer leur bien-\u00eatre intime. Une utilisation r\u00e9guli\u00e8re peut apporter des b\u00e9n\u00e9fices tels qu&rsquo;une augmentation de la libido, une meilleure humeur et un regain d&rsquo;\u00e9nergie. Il est conseill\u00e9 de surveiller la r\u00e9action de votre corps aux <b>g\u00e9lules<\/b> et d&rsquo;ajuster le dosage si n\u00e9cessaire, conform\u00e9ment aux recommandations du fabricant.<\/p>\n\n\n<p>En cas de doute sur l&rsquo;utilisation ou d&rsquo;effets ind\u00e9sirables, il est recommand\u00e9 de consulter son m\u00e9decin. Le soulagement apport\u00e9 par Femin Plus peut am\u00e9liorer de mani\u00e8re significative la qualit\u00e9 de vie, c&rsquo;est pourquoi il est essentiel de prendre r\u00e9guli\u00e8rement le m\u00e9dicament et de suivre les <b>recommandations pour<\/b> obtenir les r\u00e9sultats souhait\u00e9s.<\/p>\n\n\n<h2 class=\"wp-block-heading\">Exp\u00e9riences et avis des utilisateurs de Femin Plus &#8211; quels sont les avis ?<\/h2>\n\n\n<p><b>Les commentaires sur Femin Plus<\/b> montrent une vari\u00e9t\u00e9 d&rsquo;<b>exp\u00e9riences d&rsquo;utilisateurs<\/b> qui d\u00e9montrent clairement comment le produit affecte la vie intime des femmes. Dans les forums en ligne, de nombreuses personnes partagent leurs r\u00e9flexions sur l&rsquo;efficacit\u00e9 du compl\u00e9ment.<\/p>\n\n\n<p>Parmi les commentaires, certains font \u00e9tat d&rsquo;une am\u00e9lioration de la libido et du bien-\u00eatre g\u00e9n\u00e9ral. <b>Les femmes<\/b> soulignent qu&rsquo;elles ont remarqu\u00e9 une augmentation de l&rsquo;\u00e9nergie sexuelle et une plus grande ouverture dans leurs relations avec leurs partenaires apr\u00e8s avoir pris Femin Plus. Cependant, il existe parfois des <b>avis<\/b> n\u00e9gatifs <b>sur Femin Plus<\/b>, qui mettent l&rsquo;accent sur les probl\u00e8mes li\u00e9s \u00e0 l&rsquo;efficacit\u00e9 du compl\u00e9ment dans leur cas.<\/p>\n\n\n\n<ul class=\"wp-block-list\">\n<li>Anne a constat\u00e9 une am\u00e9lioration significative de sa vie intime.<\/li>\n\n\n\n<li>Kasia a appr\u00e9ci\u00e9 que Femin Plus ait un impact sur ses relations, se sentant plus d\u00e9tendue.<\/li>\n\n\n\n<li>Magda a constat\u00e9 une am\u00e9lioration significative de son humeur et de son \u00e9nergie.<\/li>\n<\/ul>\n\n\n<p>Les avis abordent \u00e9galement des probl\u00e8mes tels que l&rsquo;inefficacit\u00e9 dans certains cas. Les utilisateurs soulignent souvent des aspects importants tels que le fonctionnement de Femin Plus et la fa\u00e7on dont il peut aider \u00e0 r\u00e9soudre les probl\u00e8mes de libido. Les <b>exp\u00e9riences<\/b> vari\u00e9es <b>des utilisateurs<\/b> sont une source d&rsquo;information pr\u00e9cieuse \u00e0 prendre en compte avant de prendre une d\u00e9cision d&rsquo;achat.<\/p>\n\n\n<p>Dans l&rsquo;ensemble, les <b>avis<\/b> sont mitig\u00e9s. Bien que de nombreux utilisateurs trouvent des avantages \u00e0 l&rsquo;utilisation de Femin Plus, les critiques ne manquent pas non plus. Ces avis contrast\u00e9s fournissent des informations utiles qui peuvent aider d&rsquo;autres personnes \u00e0 \u00e9valuer l&rsquo;efficacit\u00e9 du produit.<\/p>\n\n\n<h2 class=\"wp-block-heading\">Composition de Femin Plus &#8211; Analyse des ingr\u00e9dients<\/h2>\n\n\n<p>Femin Plus se distingue par sa <em>composition<\/em> unique \u00e0 base d&rsquo;<em>ingr\u00e9dients naturels<\/em> qui soutiennent la <b>sant\u00e9 sexuelle des<\/b> femmes. L&rsquo;<b>analyse des ingr\u00e9dients<\/b> r\u00e9v\u00e8le que les \u00e9l\u00e9ments cl\u00e9s de la formule sont :<\/p>\n\n\n<figure class=\"wp-block-table\"><table class=\"has-fixed-layout\"><tbody><tr><th>Composant<\/th><th>Description<\/th><th>Avantages<\/th><\/tr><tr><td>Maca<\/td><td>Extrait de racine de maca<\/td><td>Am\u00e9liore la libido, la sensibilit\u00e9 et la lubrification vaginale<\/td><\/tr><tr><td>Fenugrec<\/td><td>Extrait de graines de fenouil<\/td><td>R\u00e9gule les niveaux d&rsquo;hormones, augmente l&rsquo;\u00e9nergie<\/td><\/tr><tr><td>L-arginine<\/td><td>Acide amin\u00e9 pour soutenir la circulation<\/td><td>Am\u00e9liore le flux sanguin, ce qui affecte la r\u00e9ponse sexuelle<\/td><\/tr><tr><td>Ginseng<\/td><td>Extrait de racine de ginseng<\/td><td>Favorise l&rsquo;augmentation du d\u00e9sir sexuel<\/td><\/tr><tr><td>Vitamines E et B6<\/td><td>Vitamines essentielles pour l&rsquo;organisme<\/td><td>Renforcer l&rsquo;\u00e9tat de sant\u00e9 g\u00e9n\u00e9ral<\/td><\/tr><tr><td>Zinc<\/td><td>Oligo-\u00e9l\u00e9ment<\/td><td>Favorise la fonction hormonale, augmente la fertilit\u00e9<\/td><\/tr><\/tbody><\/table><\/figure>\n\n\n<p>Gr\u00e2ce \u00e0 cette composition d&rsquo;ingr\u00e9dients, la <em>composition Femin Plus<\/em> devient un soutien efficace pour les femmes qui souhaitent am\u00e9liorer la qualit\u00e9 de leur vie intime. La prise r\u00e9guli\u00e8re du compl\u00e9ment apporte des r\u00e9sultats optimaux, et son <em>analyse des ingr\u00e9dients<\/em> confirme l&rsquo;efficacit\u00e9 et la <b>s\u00e9curit\u00e9 de la<\/b> pr\u00e9paration. L&rsquo;utilisation d&rsquo;<em>ingr\u00e9dients naturels<\/em> et leurs proportions appropri\u00e9es font que Femin Plus est d\u00e9di\u00e9 en premier lieu aux femmes adultes qui veulent am\u00e9liorer leur vie sexuelle.<\/p>\n\n\n<h2 class=\"wp-block-heading\">O\u00f9 acheter et combien co\u00fbte Femin Plus &#8211; prix<\/h2>\n\n\n<p>Femin Plus est un compl\u00e9ment qui n&rsquo;est disponible qu&rsquo;en ligne, ce qui garantit le plus haut niveau de s\u00e9curit\u00e9 lors de l&rsquo;achat. Le meilleur endroit pour <b>acheter Femin Plus<\/b> est le site officiel du fabricant. L&rsquo;achat sur ce site garantit l&rsquo;originalit\u00e9 du produit, ce qui est crucial pour l&rsquo;efficacit\u00e9 de l&rsquo;utilisation. Le compl\u00e9ment n&rsquo;est pas propos\u00e9 dans les pharmacies stationnaires, ce qui \u00e9vite l&rsquo;achat de contrefa\u00e7ons.<\/p>\n\n\n<p>En achetant sur le site officiel du fabricant, les clients peuvent compter sur une livraison rapide. Le d\u00e9lai de livraison est g\u00e9n\u00e9ralement compris entre 1 et 3 jours ouvrables. En outre, le paiement de la commande est effectu\u00e9 \u00e0 la livraison, ce qui augmente le confort de la transaction et minimise les risques associ\u00e9s aux achats en ligne. L&rsquo;utilisation r\u00e9guli\u00e8re de Femin Plus est recommand\u00e9e sur une p\u00e9riode prolong\u00e9e, ce qui permettra d&rsquo;obtenir des r\u00e9sultats optimaux et d&rsquo;am\u00e9liorer la qualit\u00e9 de la vie sexuelle.<\/p>\n\n\n<h2 class=\"wp-block-heading\">Effets secondaires potentiels et contre-indications de Femin Plus<\/h2>\n\n\n<p>Femin Plus, bien que compos\u00e9 d&rsquo;ingr\u00e9dients naturels, peut provoquer certains effets secondaires. Les principaux concernent le syst\u00e8me digestif, comme des naus\u00e9es ou des douleurs abdominales. En outre, certaines personnes peuvent pr\u00e9senter des r\u00e9actions allergiques, qui sont rares mais peuvent \u00eatre graves. Il est donc conseill\u00e9 de consulter un m\u00e9decin avant de commencer la suppl\u00e9mentation afin de s&rsquo;assurer de votre s\u00e9curit\u00e9 individuelle.<\/p>\n\n\n<p>Les <b>contre-indications<\/b> de Femin Plus comprennent principalement une intol\u00e9rance individuelle \u00e0 l&rsquo;un des ingr\u00e9dients. Les <b>femmes<\/b> souffrant de maladies graves, telles que les maladies cardiaques, doivent \u00e9galement faire preuve de prudence et consulter un sp\u00e9cialiste. Il est extr\u00eamement important de ne pas d\u00e9passer la dose recommand\u00e9e, ce qui peut aider \u00e0 minimiser le risque d&rsquo;effets n\u00e9gatifs potentiels associ\u00e9s \u00e0 l&rsquo;utilisation de ce suppl\u00e9ment.<\/p>\n\n\n<p>Il convient de rappeler que les effets de Femin Plus peuvent varier en fonction de la tol\u00e9rance personnelle de l&rsquo;organisme et de la r\u00e9gularit\u00e9 de l&rsquo;utilisation. C&rsquo;est pourquoi chaque femme doit \u00eatre \u00e0 l&rsquo;\u00e9coute de son corps et ne pas sous-estimer les signaux qui peuvent indiquer des effets secondaires. Une approche correcte et la connaissance des contre-indications possibles garantissent une utilisation s\u00fbre et efficace du compl\u00e9ment.<\/p>\n","protected":false},"excerpt":{"rendered":"<p><strong>[date_countdown]<\/strong><\/p>\n<p><img decoding=\"async\" class=\"alignnone wp-image-8427\" src=\"https:\/\/www.pharmacie-de-la-croisette.fr\/pharmacie\/wp-content\/uploads\/2024\/10\/SAFE-PAY-300x88-1.png\" alt=\"SAFE-PAY-300x88\" width=\"164\" height=\"48\" \/><\/p>\n","protected":false},"featured_media":4568,"comment_status":"open","ping_status":"closed","template":"","meta":{"neve_meta_sidebar":"","neve_meta_container":"","neve_meta_enable_content_width":"","neve_meta_content_width":0,"neve_meta_title_alignment":"","neve_meta_author_avatar":"","neve_post_elements_order":"","neve_meta_disable_header":"","neve_meta_disable_footer":"","neve_meta_disable_title":"","neve_meta_reading_time":""},"product_brand":[],"product_cat":[18],"product_tag":[],"class_list":{"0":"post-4547","1":"product","2":"type-product","3":"status-publish","4":"has-post-thumbnail","6":"product_cat-sante","8":"first","9":"instock","10":"sale","11":"shipping-taxable","12":"product-type-external"},"yoast_head":"<!-- This site is optimized with the Yoast SEO plugin v27.4 - https:\/\/yoast.com\/product\/yoast-seo-wordpress\/ -->\n<title>Femin Plus - Avis, Pharmacie, Forum, Prix, Effets | -50%<\/title>\n<meta name=\"robots\" content=\"index, follow, max-snippet:-1, max-image-preview:large, max-video-preview:-1\" \/>\n<link rel=\"canonical\" href=\"https:\/\/www.pharmacie-de-la-croisette.fr\/pharmacie\/supp\/femin-plus\/\" \/>\n<meta property=\"og:locale\" content=\"fr_FR\" \/>\n<meta property=\"og:type\" content=\"article\" \/>\n<meta property=\"og:title\" content=\"Femin Plus - Avis, Pharmacie, Forum, Prix, Effets | -50%\" \/>\n<meta property=\"og:url\" content=\"https:\/\/www.pharmacie-de-la-croisette.fr\/pharmacie\/supp\/femin-plus\/\" \/>\n<meta property=\"og:site_name\" content=\"Pharmacie de la Croisette\" \/>\n<meta property=\"article:modified_time\" content=\"2025-10-30T15:54:29+00:00\" \/>\n<meta property=\"og:image\" content=\"https:\/\/www.pharmacie-de-la-croisette.fr\/pharmacie\/wp-content\/uploads\/2024\/10\/Femin-Plus.jpg\" \/>\n\t<meta property=\"og:image:width\" content=\"768\" \/>\n\t<meta property=\"og:image:height\" content=\"768\" \/>\n\t<meta property=\"og:image:type\" content=\"image\/jpeg\" \/>\n<meta name=\"twitter:card\" content=\"summary_large_image\" \/>\n<meta name=\"twitter:description\" content=\"[date_countdown]\" \/>\n<meta name=\"twitter:label1\" content=\"Dur\u00e9e de lecture estim\u00e9e\" \/>\n\t<meta name=\"twitter:data1\" content=\"1 minute\" \/>\n<script type=\"application\/ld+json\" class=\"yoast-schema-graph\">{\"@context\":\"https:\\\/\\\/schema.org\",\"@graph\":[{\"@type\":\"WebPage\",\"@id\":\"https:\\\/\\\/www.pharmacie-de-la-croisette.fr\\\/pharmacie\\\/supp\\\/femin-plus\\\/\",\"url\":\"https:\\\/\\\/www.pharmacie-de-la-croisette.fr\\\/pharmacie\\\/supp\\\/femin-plus\\\/\",\"name\":\"Femin Plus - Avis, Pharmacie, Forum, Prix, Effets | -50%\",\"isPartOf\":{\"@id\":\"https:\\\/\\\/www.pharmacie-de-la-croisette.fr\\\/pharmacie\\\/#website\"},\"primaryImageOfPage\":{\"@id\":\"https:\\\/\\\/www.pharmacie-de-la-croisette.fr\\\/pharmacie\\\/supp\\\/femin-plus\\\/#primaryimage\"},\"image\":{\"@id\":\"https:\\\/\\\/www.pharmacie-de-la-croisette.fr\\\/pharmacie\\\/supp\\\/femin-plus\\\/#primaryimage\"},\"thumbnailUrl\":\"https:\\\/\\\/www.pharmacie-de-la-croisette.fr\\\/pharmacie\\\/wp-content\\\/uploads\\\/2024\\\/10\\\/Femin-Plus.jpg\",\"datePublished\":\"2024-10-18T19:46:26+00:00\",\"dateModified\":\"2025-10-30T15:54:29+00:00\",\"breadcrumb\":{\"@id\":\"https:\\\/\\\/www.pharmacie-de-la-croisette.fr\\\/pharmacie\\\/supp\\\/femin-plus\\\/#breadcrumb\"},\"inLanguage\":\"fr-FR\",\"potentialAction\":[{\"@type\":\"ReadAction\",\"target\":[\"https:\\\/\\\/www.pharmacie-de-la-croisette.fr\\\/pharmacie\\\/supp\\\/femin-plus\\\/\"]}]},{\"@type\":\"ImageObject\",\"inLanguage\":\"fr-FR\",\"@id\":\"https:\\\/\\\/www.pharmacie-de-la-croisette.fr\\\/pharmacie\\\/supp\\\/femin-plus\\\/#primaryimage\",\"url\":\"https:\\\/\\\/www.pharmacie-de-la-croisette.fr\\\/pharmacie\\\/wp-content\\\/uploads\\\/2024\\\/10\\\/Femin-Plus.jpg\",\"contentUrl\":\"https:\\\/\\\/www.pharmacie-de-la-croisette.fr\\\/pharmacie\\\/wp-content\\\/uploads\\\/2024\\\/10\\\/Femin-Plus.jpg\",\"width\":768,\"height\":768},{\"@type\":\"BreadcrumbList\",\"@id\":\"https:\\\/\\\/www.pharmacie-de-la-croisette.fr\\\/pharmacie\\\/supp\\\/femin-plus\\\/#breadcrumb\",\"itemListElement\":[{\"@type\":\"ListItem\",\"position\":1,\"name\":\"Strona g\u0142\u00f3wna\",\"item\":\"https:\\\/\\\/www.pharmacie-de-la-croisette.fr\\\/pharmacie\\\/\"},{\"@type\":\"ListItem\",\"position\":2,\"name\":\"farmaci\",\"item\":\"https:\\\/\\\/www.pharmacie-de-la-croisette.fr\\\/pharmacie\\\/\"},{\"@type\":\"ListItem\",\"position\":3,\"name\":\"Femin Plus\"}]},{\"@type\":\"WebSite\",\"@id\":\"https:\\\/\\\/www.pharmacie-de-la-croisette.fr\\\/pharmacie\\\/#website\",\"url\":\"https:\\\/\\\/www.pharmacie-de-la-croisette.fr\\\/pharmacie\\\/\",\"name\":\"Pharmacie de la Croisette\",\"description\":\"\",\"potentialAction\":[{\"@type\":\"SearchAction\",\"target\":{\"@type\":\"EntryPoint\",\"urlTemplate\":\"https:\\\/\\\/www.pharmacie-de-la-croisette.fr\\\/pharmacie\\\/?s={search_term_string}\"},\"query-input\":{\"@type\":\"PropertyValueSpecification\",\"valueRequired\":true,\"valueName\":\"search_term_string\"}}],\"inLanguage\":\"fr-FR\"}]}<\/script>\n<!-- \/ Yoast SEO plugin. -->","yoast_head_json":{"title":"Femin Plus - Avis, Pharmacie, Forum, Prix, Effets | -50%","robots":{"index":"index","follow":"follow","max-snippet":"max-snippet:-1","max-image-preview":"max-image-preview:large","max-video-preview":"max-video-preview:-1"},"canonical":"https:\/\/www.pharmacie-de-la-croisette.fr\/pharmacie\/supp\/femin-plus\/","og_locale":"fr_FR","og_type":"article","og_title":"Femin Plus - Avis, Pharmacie, Forum, Prix, Effets | -50%","og_url":"https:\/\/www.pharmacie-de-la-croisette.fr\/pharmacie\/supp\/femin-plus\/","og_site_name":"Pharmacie de la Croisette","article_modified_time":"2025-10-30T15:54:29+00:00","og_image":[{"width":768,"height":768,"url":"https:\/\/www.pharmacie-de-la-croisette.fr\/pharmacie\/wp-content\/uploads\/2024\/10\/Femin-Plus.jpg","type":"image\/jpeg"}],"twitter_card":"summary_large_image","twitter_description":"[date_countdown]","twitter_misc":{"Dur\u00e9e de lecture estim\u00e9e":"1 minute"},"schema":{"@context":"https:\/\/schema.org","@graph":[{"@type":"WebPage","@id":"https:\/\/www.pharmacie-de-la-croisette.fr\/pharmacie\/supp\/femin-plus\/","url":"https:\/\/www.pharmacie-de-la-croisette.fr\/pharmacie\/supp\/femin-plus\/","name":"Femin Plus - Avis, Pharmacie, Forum, Prix, Effets | -50%","isPartOf":{"@id":"https:\/\/www.pharmacie-de-la-croisette.fr\/pharmacie\/#website"},"primaryImageOfPage":{"@id":"https:\/\/www.pharmacie-de-la-croisette.fr\/pharmacie\/supp\/femin-plus\/#primaryimage"},"image":{"@id":"https:\/\/www.pharmacie-de-la-croisette.fr\/pharmacie\/supp\/femin-plus\/#primaryimage"},"thumbnailUrl":"https:\/\/www.pharmacie-de-la-croisette.fr\/pharmacie\/wp-content\/uploads\/2024\/10\/Femin-Plus.jpg","datePublished":"2024-10-18T19:46:26+00:00","dateModified":"2025-10-30T15:54:29+00:00","breadcrumb":{"@id":"https:\/\/www.pharmacie-de-la-croisette.fr\/pharmacie\/supp\/femin-plus\/#breadcrumb"},"inLanguage":"fr-FR","potentialAction":[{"@type":"ReadAction","target":["https:\/\/www.pharmacie-de-la-croisette.fr\/pharmacie\/supp\/femin-plus\/"]}]},{"@type":"ImageObject","inLanguage":"fr-FR","@id":"https:\/\/www.pharmacie-de-la-croisette.fr\/pharmacie\/supp\/femin-plus\/#primaryimage","url":"https:\/\/www.pharmacie-de-la-croisette.fr\/pharmacie\/wp-content\/uploads\/2024\/10\/Femin-Plus.jpg","contentUrl":"https:\/\/www.pharmacie-de-la-croisette.fr\/pharmacie\/wp-content\/uploads\/2024\/10\/Femin-Plus.jpg","width":768,"height":768},{"@type":"BreadcrumbList","@id":"https:\/\/www.pharmacie-de-la-croisette.fr\/pharmacie\/supp\/femin-plus\/#breadcrumb","itemListElement":[{"@type":"ListItem","position":1,"name":"Strona g\u0142\u00f3wna","item":"https:\/\/www.pharmacie-de-la-croisette.fr\/pharmacie\/"},{"@type":"ListItem","position":2,"name":"farmaci","item":"https:\/\/www.pharmacie-de-la-croisette.fr\/pharmacie\/"},{"@type":"ListItem","position":3,"name":"Femin Plus"}]},{"@type":"WebSite","@id":"https:\/\/www.pharmacie-de-la-croisette.fr\/pharmacie\/#website","url":"https:\/\/www.pharmacie-de-la-croisette.fr\/pharmacie\/","name":"Pharmacie de la Croisette","description":"","potentialAction":[{"@type":"SearchAction","target":{"@type":"EntryPoint","urlTemplate":"https:\/\/www.pharmacie-de-la-croisette.fr\/pharmacie\/?s={search_term_string}"},"query-input":{"@type":"PropertyValueSpecification","valueRequired":true,"valueName":"search_term_string"}}],"inLanguage":"fr-FR"}]}},"_links":{"self":[{"href":"https:\/\/www.pharmacie-de-la-croisette.fr\/pharmacie\/wp-json\/wp\/v2\/product\/4547","targetHints":{"allow":["GET"]}}],"collection":[{"href":"https:\/\/www.pharmacie-de-la-croisette.fr\/pharmacie\/wp-json\/wp\/v2\/product"}],"about":[{"href":"https:\/\/www.pharmacie-de-la-croisette.fr\/pharmacie\/wp-json\/wp\/v2\/types\/product"}],"replies":[{"embeddable":true,"href":"https:\/\/www.pharmacie-de-la-croisette.fr\/pharmacie\/wp-json\/wp\/v2\/comments?post=4547"}],"wp:featuredmedia":[{"embeddable":true,"href":"https:\/\/www.pharmacie-de-la-croisette.fr\/pharmacie\/wp-json\/wp\/v2\/media\/4568"}],"wp:attachment":[{"href":"https:\/\/www.pharmacie-de-la-croisette.fr\/pharmacie\/wp-json\/wp\/v2\/media?parent=4547"}],"wp:term":[{"taxonomy":"product_brand","embeddable":true,"href":"https:\/\/www.pharmacie-de-la-croisette.fr\/pharmacie\/wp-json\/wp\/v2\/product_brand?post=4547"},{"taxonomy":"product_cat","embeddable":true,"href":"https:\/\/www.pharmacie-de-la-croisette.fr\/pharmacie\/wp-json\/wp\/v2\/product_cat?post=4547"},{"taxonomy":"product_tag","embeddable":true,"href":"https:\/\/www.pharmacie-de-la-croisette.fr\/pharmacie\/wp-json\/wp\/v2\/product_tag?post=4547"}],"curies":[{"name":"wp","href":"https:\/\/api.w.org\/{rel}","templated":true}]}}