{"id":4464,"date":"2024-10-18T19:46:04","date_gmt":"2024-10-18T19:46:04","guid":{"rendered":"https:\/\/chirurgie-orthopedie-vannes.fr\/pharmacie\/?post_type=product&#038;p=4464"},"modified":"2025-10-30T13:58:54","modified_gmt":"2025-10-30T13:58:54","slug":"climax-control","status":"publish","type":"product","link":"https:\/\/www.pharmacie-de-la-croisette.fr\/pharmacie\/supp\/climax-control\/","title":{"rendered":"Climax Control"},"content":{"rendered":"<h2 class=\"wp-block-heading\">Qu&rsquo;est-ce que le Climax Control et comment fonctionne-t-il ?<\/h2>\n\n\n<p><b>Climax Control<\/b> est un <b>compl\u00e9ment alimentaire<\/b> innovant destin\u00e9 \u00e0 lutter contre l&rsquo;\u00e9jaculation pr\u00e9coce et \u00e0 soutenir la puissance chez l&rsquo;homme. Gr\u00e2ce \u00e0 des ingr\u00e9dients soigneusement s\u00e9lectionn\u00e9s, son <b>action<\/b> repose sur des substances naturelles qui influencent la libido et la stabilit\u00e9 de l&rsquo;\u00e9rection.<\/p>\n\n\n<p><b>Le compl\u00e9ment<\/b> est con\u00e7u pour \u00e9liminer le probl\u00e8me de l&rsquo;\u00e9jaculation trop rapide, ce qui am\u00e9liore consid\u00e9rablement la qualit\u00e9 de la vie sexuelle. L&rsquo;<b>utilisation<\/b> r\u00e9guli\u00e8re <b>de<\/b> Climax Control contribue \u00e0 l&rsquo;augmentation de la dur\u00e9e des rapports sexuels et r\u00e9duit \u00e9galement le risque d&rsquo;\u00e9jaculation non planifi\u00e9e.<\/p>\n\n\n<p>Lorsque les hommes optent pour Climax Control, ils peuvent compter sur une am\u00e9lioration de leur satisfaction intime globale. Ils acqui\u00e8rent ainsi une plus grande confiance en eux sur le plan sexuel, ce qui a un impact positif sur les relations avec leur partenaire. L&rsquo;efficacit\u00e9 de ce compl\u00e9ment alimentaire le rend de plus en plus populaire parmi les hommes qui luttent contre les probl\u00e8mes de puissance et d&rsquo;\u00e9jaculation.<\/p>\n\n\n<h2 class=\"wp-block-heading\">Quels sont les effets de l&rsquo;utilisation de Climax Control ?<\/h2>\n\n\n<p>Les utilisateurs de Climax Control font souvent \u00e9tat d&rsquo;une am\u00e9lioration significative de la qualit\u00e9 de leur vie sexuelle. Apr\u00e8s seulement quelques jours d&rsquo;utilisation, beaucoup trouvent que <b>les effets<\/b> ont un impact sur leur confiance. Les premiers changements visibles peuvent \u00eatre observ\u00e9s d\u00e8s quatre jours, contribuant \u00e0 une augmentation de la dur\u00e9e des rapports sexuels, certains hommes d\u00e9clarant avoir atteint jusqu&rsquo;\u00e0 30 minutes.<\/p>\n\n\n<p>Au fur et \u00e0 mesure de l&rsquo;utilisation de Climax Control, les hommes peuvent remarquer une augmentation de la libido, une am\u00e9lioration de la qualit\u00e9 de l&rsquo;\u00e9rection et une satisfaction g\u00e9n\u00e9rale dans la chambre \u00e0 coucher. L&rsquo;am\u00e9lioration de la <b>puissance<\/b> devient perceptible, ce qui se traduit par une exp\u00e9rience sexuelle plus positive. Ces <b>effets<\/b> contribuent \u00e0 r\u00e9duire le stress associ\u00e9 \u00e0 l&rsquo;\u00e9jaculation pr\u00e9coce, qui affecte \u00e0 la fois l&rsquo;humeur et les relations avec les partenaires.<\/p>\n\n\n<figure class=\"wp-block-table\"><table class=\"has-fixed-layout\"><tbody><tr><th>Effet<\/th><th>Description<\/th><\/tr><tr><td>Augmentation de la dur\u00e9e des rapports sexuels<\/td><td>Possibilit\u00e9 d&rsquo;atteindre une dur\u00e9e allant jusqu&rsquo;\u00e0 30 minutes.<\/td><\/tr><tr><td>Augmentation de la libido<\/td><td>Augmentation de l&rsquo;int\u00e9r\u00eat et du d\u00e9sir pour l&rsquo;activit\u00e9 sexuelle.<\/td><\/tr><tr><td>Am\u00e9lioration de la qualit\u00e9 de l&rsquo;\u00e9rection<\/td><td>Des \u00e9rections plus fortes et plus durables.<\/td><\/tr><tr><td>R\u00e9duction du stress<\/td><td>R\u00e9duction de l&rsquo;anxi\u00e9t\u00e9 associ\u00e9e \u00e0 l&rsquo;\u00e9jaculation pr\u00e9coce.<\/td><\/tr><tr><td>Satisfaction g\u00e9n\u00e9rale<\/td><td>Am\u00e9liorer la qualit\u00e9 de la vie sexuelle.<\/td><\/tr><\/tbody><\/table><\/figure>\n\n\n<h2 class=\"wp-block-heading\">Comment utiliser Climax Control &#8211; Mode d&#8217;emploi et posologie<\/h2>\n\n\n<p>Climax Control est un <b>compl\u00e9ment alimentaire<\/b> efficace qui n\u00e9cessite une utilisation appropri\u00e9e pour obtenir les r\u00e9sultats souhait\u00e9s. La <b>posologie<\/b> recommand\u00e9e est de deux g\u00e9lules par jour. Il est important de les prendre apr\u00e8s un repas, en buvant beaucoup d&rsquo;eau. L&rsquo;<b>utilisation<\/b> r\u00e9guli\u00e8re <b>de<\/b> Climax Control contribue \u00e0 la stabilit\u00e9 des r\u00e9sultats obtenus et au bon fonctionnement de l&rsquo;organisme.<\/p>\n\n\n<p>Il convient de rappeler que le produit n&rsquo;est pas destin\u00e9 aux enfants ni aux femmes enceintes. Les personnes souffrant de diab\u00e8te ou d&rsquo;hypertension doivent consulter leur m\u00e9decin avant de commencer le traitement. Le respect de la <em>posologie<\/em> augmente les chances d&rsquo;obtenir des r\u00e9sultats optimaux.<\/p>\n\n\n<figure class=\"wp-block-table\"><table class=\"has-fixed-layout\"><tbody><tr><th>Dosage<\/th><th>Orientations<\/th><\/tr><tr><td>2 g\u00e9lules par jour<\/td><td>A prendre apr\u00e8s un repas<\/td><\/tr><tr><td>Boire beaucoup d&rsquo;eau<\/td><td><b>Application<\/b> r\u00e9guli\u00e8re<\/td><\/tr><tr><td>Ne convient pas aux enfants et aux femmes enceintes<\/td><td>Consultation pour les personnes souffrant de diab\u00e8te ou d&rsquo;hypertension<\/td><\/tr><\/tbody><\/table><\/figure>\n\n\n<h2 class=\"wp-block-heading\">Commentaires et opinions sur Climax Control<\/h2>\n\n\n<p>Les utilisateurs de Climax Control sont tr\u00e8s passionn\u00e9s et partagent leurs <em>opinions<\/em> sur ce compl\u00e9ment. De nombreux <em>commentaires<\/em> soulignent les <em>effets<\/em> positifs <em>du<\/em> produit et son impact sur la vie intime. Par exemple, un utilisateur a not\u00e9 une am\u00e9lioration significative de la dur\u00e9e des rapports sexuels, ce qui a renforc\u00e9 sa confiance.<\/p>\n\n\n<p>De nombreuses personnes, comme Christopher, un homme de 45 ans, obtiennent des r\u00e9sultats rapides. Cet homme a d\u00e9clar\u00e9 qu&rsquo;apr\u00e8s seulement une semaine d&rsquo;utilisation de <em>Climax Control<\/em>, il a constat\u00e9 que leur vie intime \u00e9tait devenue plus satisfaisante. Cela montre que les effets peuvent \u00eatre observ\u00e9s relativement rapidement pour de nombreux utilisateurs.<\/p>\n\n\n<p>Anna, 29 ans, souligne \u00e9galement l&rsquo;importance de ce compl\u00e9ment. Son partenaire a acquis une plus grande confiance en lui, ce qui a eu un impact positif sur leur relation. De telles <em>r\u00e9actions<\/em> et <em>critiques<\/em> indiquent la valeur de <em>Climax Control<\/em> en tant que produit pour soutenir la puissance masculine et am\u00e9liorer la qualit\u00e9 de la vie sexuelle.<\/p>\n\n\n<h2 class=\"wp-block-heading\">Climax Control &#8211; Composition<\/h2>\n\n\n<p>Climax Control est un <b>compl\u00e9ment<\/b> alimentaire innovant \u00e0 base d&rsquo;ingr\u00e9dients naturels. Sa <em>composition<\/em> comprend des \u00e9l\u00e9ments soigneusement s\u00e9lectionn\u00e9s pour am\u00e9liorer la fonction sexuelle. Les principaux ingr\u00e9dients de cette pr\u00e9paration sont :<\/p>\n\n\n\n<ul class=\"wp-block-list\">\n<li>Le macis (Tribulus terrestris) &#8211; connu pour ses effets positifs sur la libido et la puissance sexuelle masculine.<\/li>\n\n\n\n<li>Tartrate de L-carnitine &#8211; agit comme un puissant antioxydant pour soutenir la fonction sexuelle.<\/li>\n\n\n\n<li>La salsepareille indienne &#8211; aide \u00e0 g\u00e9rer les probl\u00e8mes d&rsquo;\u00e9rection.<\/li>\n<\/ul>\n\n\n<p>Les <b>ingr\u00e9dients naturels<\/b> utilis\u00e9s dans Climax Control rendent le <b>compl\u00e9ment<\/b> alimentaire s\u00fbr et efficace. Une utilisation r\u00e9guli\u00e8re peut contribuer \u00e0 am\u00e9liorer la qualit\u00e9 de la vie sexuelle, en offrant aux hommes un soutien dans les moments cruciaux. Gr\u00e2ce \u00e0 la <em>composition<\/em> et aux propri\u00e9t\u00e9s uniques de ces \u00e9l\u00e9ments, Climax Control a le potentiel de satisfaire les besoins de nombreux utilisateurs.<\/p>\n\n\n<h2 class=\"wp-block-heading\">Prix Climax Control &#8211; O\u00f9 acheter ?<\/h2>\n\n\n<p>Climax Control n&rsquo;est disponible que sur le site officiel du fabricant, ce qui souligne son statut unique sur le march\u00e9 des compl\u00e9ments alimentaires. L&rsquo;un des principaux avantages de l&rsquo;achat sur le site officiel du fabricant est la possibilit\u00e9 de b\u00e9n\u00e9ficier de promotions et d&rsquo;offres sp\u00e9ciales. Les prix des produits peuvent varier en fonction des campagnes de marketing en cours, d&rsquo;o\u00f9 l&rsquo;int\u00e9r\u00eat de v\u00e9rifier r\u00e9guli\u00e8rement les options disponibles.<\/p>\n\n\n<p>L&rsquo;achat de Climax Control sur le site officiel garantit que vous obtenez un produit de la plus haute qualit\u00e9 et que vous utilisez une source autoris\u00e9e. Le produit n&rsquo;est pas disponible dans les pharmacies stationnaires, ce qui le rend plus exclusif et augmente l&rsquo;int\u00e9r\u00eat des utilisateurs potentiels.<\/p>\n\n\n<p>Ceux qui cherchent \u00e0 <b>acheter<\/b> Climax Control devraient envisager des forfaits \u00e0 long terme, qui offrent des prix plus favorables et des \u00e9conomies plus importantes. La d\u00e9cision d&rsquo;acheter sur le site officiel du fabricant garantit non seulement des prix attractifs, mais aussi des avantages suppl\u00e9mentaires qui ne peuvent souvent pas \u00eatre trouv\u00e9s ailleurs. Les utilisateurs b\u00e9n\u00e9ficient ainsi des meilleures offres disponibles sur le march\u00e9.<\/p>\n\n\n<h2 class=\"wp-block-heading\">Effets secondaires potentiels et contre-indications de Climax Control<\/h2>\n\n\n<p>Climax Control, bien que bas\u00e9 sur des ingr\u00e9dients naturels, peut provoquer des <b>effets secondaires<\/b> chez certains utilisateurs. Les <b>effets du<\/b> compl\u00e9ment peuvent varier, ce qui signifie que chaque personne peut r\u00e9agir diff\u00e9remment. Il est important d&rsquo;\u00eatre conscient des r\u00e9actions potentielles de votre corps \u00e0 ce produit, en particulier lorsqu&rsquo;il est utilis\u00e9 de mani\u00e8re incorrecte.<\/p>\n\n\n<p>Les personnes souffrant de probl\u00e8mes de sant\u00e9 tels que le diab\u00e8te ou l&rsquo;hypertension, ainsi que les femmes enceintes, doivent faire preuve d&rsquo;une prudence particuli\u00e8re. Les <b>contre-indications<\/b> \u00e0 l&rsquo;utilisation de Climax Control incluent les cas o\u00f9 la sant\u00e9 du patient pourrait \u00eatre mise en danger. Dans de telles situations, il est recommand\u00e9 de consulter un m\u00e9decin avant de commencer le traitement.<\/p>\n\n\n<p>Il est \u00e9galement important de se rappeler qu&rsquo;un <b>dosage<\/b> inad\u00e9quat peut entra\u00eener des probl\u00e8mes de sant\u00e9 d\u00e9sagr\u00e9ables. C&rsquo;est pourquoi il est essentiel de suivre les recommandations d&rsquo;utilisation du fabricant pour garantir la s\u00e9curit\u00e9 et les avantages de la suppl\u00e9mentation. La compr\u00e9hension des effets secondaires potentiels et des contre-indications est une \u00e9tape importante dans l&rsquo;utilisation \u00e9clair\u00e9e de Climax Control.<\/p>\n","protected":false},"excerpt":{"rendered":"<p><strong>[date_countdown]<\/strong><\/p>\n<p><img decoding=\"async\" class=\"alignnone  wp-image-8427\" src=\"https:\/\/www.pharmacie-de-la-croisette.fr\/pharmacie\/wp-content\/uploads\/2024\/10\/SAFE-PAY-300x88-1.png\" alt=\"SAFE-PAY-300x88\" width=\"164\" height=\"48\" \/><\/p>\n","protected":false},"featured_media":3881,"comment_status":"open","ping_status":"closed","template":"","meta":{"neve_meta_sidebar":"","neve_meta_container":"","neve_meta_enable_content_width":"","neve_meta_content_width":0,"neve_meta_title_alignment":"","neve_meta_author_avatar":"","neve_post_elements_order":"","neve_meta_disable_header":"","neve_meta_disable_footer":"","neve_meta_disable_title":"","neve_meta_reading_time":""},"product_brand":[],"product_cat":[16],"product_tag":[],"class_list":{"0":"post-4464","1":"product","2":"type-product","3":"status-publish","4":"has-post-thumbnail","6":"product_cat-sante-sexuelle","8":"first","9":"instock","10":"sale","11":"shipping-taxable","12":"product-type-external"},"yoast_head":"<!-- This site is optimized with the Yoast SEO plugin v27.4 - https:\/\/yoast.com\/product\/yoast-seo-wordpress\/ -->\n<title>Climax Control - Avis, Pharmacie, Forum, Prix, Effets | -50%<\/title>\n<meta name=\"robots\" content=\"index, follow, max-snippet:-1, max-image-preview:large, max-video-preview:-1\" \/>\n<link rel=\"canonical\" href=\"https:\/\/www.pharmacie-de-la-croisette.fr\/pharmacie\/supp\/climax-control\/\" \/>\n<meta property=\"og:locale\" content=\"fr_FR\" \/>\n<meta property=\"og:type\" content=\"article\" \/>\n<meta property=\"og:title\" content=\"Climax Control - Avis, Pharmacie, Forum, Prix, Effets | -50%\" \/>\n<meta property=\"og:url\" content=\"https:\/\/www.pharmacie-de-la-croisette.fr\/pharmacie\/supp\/climax-control\/\" \/>\n<meta property=\"og:site_name\" content=\"Pharmacie de la Croisette\" \/>\n<meta property=\"article:modified_time\" content=\"2025-10-30T13:58:54+00:00\" \/>\n<meta property=\"og:image\" content=\"https:\/\/www.pharmacie-de-la-croisette.fr\/pharmacie\/wp-content\/uploads\/2024\/10\/Climax-Control.jpg\" \/>\n\t<meta property=\"og:image:width\" content=\"768\" \/>\n\t<meta property=\"og:image:height\" content=\"768\" \/>\n\t<meta property=\"og:image:type\" content=\"image\/jpeg\" \/>\n<meta name=\"twitter:card\" content=\"summary_large_image\" \/>\n<meta name=\"twitter:description\" content=\"[date_countdown]\" \/>\n<meta name=\"twitter:label1\" content=\"Dur\u00e9e de lecture estim\u00e9e\" \/>\n\t<meta name=\"twitter:data1\" content=\"8 minutes\" \/>\n<script type=\"application\/ld+json\" class=\"yoast-schema-graph\">{\"@context\":\"https:\\\/\\\/schema.org\",\"@graph\":[{\"@type\":\"WebPage\",\"@id\":\"https:\\\/\\\/www.pharmacie-de-la-croisette.fr\\\/pharmacie\\\/supp\\\/climax-control\\\/\",\"url\":\"https:\\\/\\\/www.pharmacie-de-la-croisette.fr\\\/pharmacie\\\/supp\\\/climax-control\\\/\",\"name\":\"Climax Control - Avis, Pharmacie, Forum, Prix, Effets | -50%\",\"isPartOf\":{\"@id\":\"https:\\\/\\\/www.pharmacie-de-la-croisette.fr\\\/pharmacie\\\/#website\"},\"primaryImageOfPage\":{\"@id\":\"https:\\\/\\\/www.pharmacie-de-la-croisette.fr\\\/pharmacie\\\/supp\\\/climax-control\\\/#primaryimage\"},\"image\":{\"@id\":\"https:\\\/\\\/www.pharmacie-de-la-croisette.fr\\\/pharmacie\\\/supp\\\/climax-control\\\/#primaryimage\"},\"thumbnailUrl\":\"https:\\\/\\\/www.pharmacie-de-la-croisette.fr\\\/pharmacie\\\/wp-content\\\/uploads\\\/2024\\\/10\\\/Climax-Control.jpg\",\"datePublished\":\"2024-10-18T19:46:04+00:00\",\"dateModified\":\"2025-10-30T13:58:54+00:00\",\"breadcrumb\":{\"@id\":\"https:\\\/\\\/www.pharmacie-de-la-croisette.fr\\\/pharmacie\\\/supp\\\/climax-control\\\/#breadcrumb\"},\"inLanguage\":\"fr-FR\",\"potentialAction\":[{\"@type\":\"ReadAction\",\"target\":[\"https:\\\/\\\/www.pharmacie-de-la-croisette.fr\\\/pharmacie\\\/supp\\\/climax-control\\\/\"]}]},{\"@type\":\"ImageObject\",\"inLanguage\":\"fr-FR\",\"@id\":\"https:\\\/\\\/www.pharmacie-de-la-croisette.fr\\\/pharmacie\\\/supp\\\/climax-control\\\/#primaryimage\",\"url\":\"https:\\\/\\\/www.pharmacie-de-la-croisette.fr\\\/pharmacie\\\/wp-content\\\/uploads\\\/2024\\\/10\\\/Climax-Control.jpg\",\"contentUrl\":\"https:\\\/\\\/www.pharmacie-de-la-croisette.fr\\\/pharmacie\\\/wp-content\\\/uploads\\\/2024\\\/10\\\/Climax-Control.jpg\",\"width\":768,\"height\":768},{\"@type\":\"BreadcrumbList\",\"@id\":\"https:\\\/\\\/www.pharmacie-de-la-croisette.fr\\\/pharmacie\\\/supp\\\/climax-control\\\/#breadcrumb\",\"itemListElement\":[{\"@type\":\"ListItem\",\"position\":1,\"name\":\"Strona g\u0142\u00f3wna\",\"item\":\"https:\\\/\\\/www.pharmacie-de-la-croisette.fr\\\/pharmacie\\\/\"},{\"@type\":\"ListItem\",\"position\":2,\"name\":\"farmaci\",\"item\":\"https:\\\/\\\/www.pharmacie-de-la-croisette.fr\\\/pharmacie\\\/\"},{\"@type\":\"ListItem\",\"position\":3,\"name\":\"Climax Control\"}]},{\"@type\":\"WebSite\",\"@id\":\"https:\\\/\\\/www.pharmacie-de-la-croisette.fr\\\/pharmacie\\\/#website\",\"url\":\"https:\\\/\\\/www.pharmacie-de-la-croisette.fr\\\/pharmacie\\\/\",\"name\":\"Pharmacie de la Croisette\",\"description\":\"\",\"potentialAction\":[{\"@type\":\"SearchAction\",\"target\":{\"@type\":\"EntryPoint\",\"urlTemplate\":\"https:\\\/\\\/www.pharmacie-de-la-croisette.fr\\\/pharmacie\\\/?s={search_term_string}\"},\"query-input\":{\"@type\":\"PropertyValueSpecification\",\"valueRequired\":true,\"valueName\":\"search_term_string\"}}],\"inLanguage\":\"fr-FR\"}]}<\/script>\n<!-- \/ Yoast SEO plugin. -->","yoast_head_json":{"title":"Climax Control - Avis, Pharmacie, Forum, Prix, Effets | -50%","robots":{"index":"index","follow":"follow","max-snippet":"max-snippet:-1","max-image-preview":"max-image-preview:large","max-video-preview":"max-video-preview:-1"},"canonical":"https:\/\/www.pharmacie-de-la-croisette.fr\/pharmacie\/supp\/climax-control\/","og_locale":"fr_FR","og_type":"article","og_title":"Climax Control - Avis, Pharmacie, Forum, Prix, Effets | -50%","og_url":"https:\/\/www.pharmacie-de-la-croisette.fr\/pharmacie\/supp\/climax-control\/","og_site_name":"Pharmacie de la Croisette","article_modified_time":"2025-10-30T13:58:54+00:00","og_image":[{"width":768,"height":768,"url":"https:\/\/www.pharmacie-de-la-croisette.fr\/pharmacie\/wp-content\/uploads\/2024\/10\/Climax-Control.jpg","type":"image\/jpeg"}],"twitter_card":"summary_large_image","twitter_description":"[date_countdown]","twitter_misc":{"Dur\u00e9e de lecture estim\u00e9e":"8 minutes"},"schema":{"@context":"https:\/\/schema.org","@graph":[{"@type":"WebPage","@id":"https:\/\/www.pharmacie-de-la-croisette.fr\/pharmacie\/supp\/climax-control\/","url":"https:\/\/www.pharmacie-de-la-croisette.fr\/pharmacie\/supp\/climax-control\/","name":"Climax Control - Avis, Pharmacie, Forum, Prix, Effets | -50%","isPartOf":{"@id":"https:\/\/www.pharmacie-de-la-croisette.fr\/pharmacie\/#website"},"primaryImageOfPage":{"@id":"https:\/\/www.pharmacie-de-la-croisette.fr\/pharmacie\/supp\/climax-control\/#primaryimage"},"image":{"@id":"https:\/\/www.pharmacie-de-la-croisette.fr\/pharmacie\/supp\/climax-control\/#primaryimage"},"thumbnailUrl":"https:\/\/www.pharmacie-de-la-croisette.fr\/pharmacie\/wp-content\/uploads\/2024\/10\/Climax-Control.jpg","datePublished":"2024-10-18T19:46:04+00:00","dateModified":"2025-10-30T13:58:54+00:00","breadcrumb":{"@id":"https:\/\/www.pharmacie-de-la-croisette.fr\/pharmacie\/supp\/climax-control\/#breadcrumb"},"inLanguage":"fr-FR","potentialAction":[{"@type":"ReadAction","target":["https:\/\/www.pharmacie-de-la-croisette.fr\/pharmacie\/supp\/climax-control\/"]}]},{"@type":"ImageObject","inLanguage":"fr-FR","@id":"https:\/\/www.pharmacie-de-la-croisette.fr\/pharmacie\/supp\/climax-control\/#primaryimage","url":"https:\/\/www.pharmacie-de-la-croisette.fr\/pharmacie\/wp-content\/uploads\/2024\/10\/Climax-Control.jpg","contentUrl":"https:\/\/www.pharmacie-de-la-croisette.fr\/pharmacie\/wp-content\/uploads\/2024\/10\/Climax-Control.jpg","width":768,"height":768},{"@type":"BreadcrumbList","@id":"https:\/\/www.pharmacie-de-la-croisette.fr\/pharmacie\/supp\/climax-control\/#breadcrumb","itemListElement":[{"@type":"ListItem","position":1,"name":"Strona g\u0142\u00f3wna","item":"https:\/\/www.pharmacie-de-la-croisette.fr\/pharmacie\/"},{"@type":"ListItem","position":2,"name":"farmaci","item":"https:\/\/www.pharmacie-de-la-croisette.fr\/pharmacie\/"},{"@type":"ListItem","position":3,"name":"Climax Control"}]},{"@type":"WebSite","@id":"https:\/\/www.pharmacie-de-la-croisette.fr\/pharmacie\/#website","url":"https:\/\/www.pharmacie-de-la-croisette.fr\/pharmacie\/","name":"Pharmacie de la Croisette","description":"","potentialAction":[{"@type":"SearchAction","target":{"@type":"EntryPoint","urlTemplate":"https:\/\/www.pharmacie-de-la-croisette.fr\/pharmacie\/?s={search_term_string}"},"query-input":{"@type":"PropertyValueSpecification","valueRequired":true,"valueName":"search_term_string"}}],"inLanguage":"fr-FR"}]}},"_links":{"self":[{"href":"https:\/\/www.pharmacie-de-la-croisette.fr\/pharmacie\/wp-json\/wp\/v2\/product\/4464","targetHints":{"allow":["GET"]}}],"collection":[{"href":"https:\/\/www.pharmacie-de-la-croisette.fr\/pharmacie\/wp-json\/wp\/v2\/product"}],"about":[{"href":"https:\/\/www.pharmacie-de-la-croisette.fr\/pharmacie\/wp-json\/wp\/v2\/types\/product"}],"replies":[{"embeddable":true,"href":"https:\/\/www.pharmacie-de-la-croisette.fr\/pharmacie\/wp-json\/wp\/v2\/comments?post=4464"}],"wp:featuredmedia":[{"embeddable":true,"href":"https:\/\/www.pharmacie-de-la-croisette.fr\/pharmacie\/wp-json\/wp\/v2\/media\/3881"}],"wp:attachment":[{"href":"https:\/\/www.pharmacie-de-la-croisette.fr\/pharmacie\/wp-json\/wp\/v2\/media?parent=4464"}],"wp:term":[{"taxonomy":"product_brand","embeddable":true,"href":"https:\/\/www.pharmacie-de-la-croisette.fr\/pharmacie\/wp-json\/wp\/v2\/product_brand?post=4464"},{"taxonomy":"product_cat","embeddable":true,"href":"https:\/\/www.pharmacie-de-la-croisette.fr\/pharmacie\/wp-json\/wp\/v2\/product_cat?post=4464"},{"taxonomy":"product_tag","embeddable":true,"href":"https:\/\/www.pharmacie-de-la-croisette.fr\/pharmacie\/wp-json\/wp\/v2\/product_tag?post=4464"}],"curies":[{"name":"wp","href":"https:\/\/api.w.org\/{rel}","templated":true}]}}